Last updated on 2025-02-17 07:50:40 CET.
Flavor | Version | Tinstall | Tcheck | Ttotal | Status | Flags |
---|---|---|---|---|---|---|
r-devel-linux-x86_64-debian-clang | 1.0.1 | 2.32 | 40.07 | 42.39 | OK | |
r-devel-linux-x86_64-debian-gcc | 1.0.1 | 1.75 | 29.76 | 31.51 | OK | |
r-devel-linux-x86_64-fedora-clang | 1.0.1 | 67.56 | NOTE | |||
r-devel-linux-x86_64-fedora-gcc | 1.0.1 | 77.50 | NOTE | |||
r-devel-macos-arm64 | 1.0.1 | 33.00 | OK | |||
r-devel-macos-x86_64 | 1.0.1 | 52.00 | OK | |||
r-devel-windows-x86_64 | 1.0.1 | 5.00 | 77.00 | 82.00 | OK | |
r-patched-linux-x86_64 | 1.0.1 | 2.39 | 36.64 | 39.03 | OK | |
r-release-linux-x86_64 | 1.0.1 | 1.67 | 36.71 | 38.38 | OK | |
r-release-macos-arm64 | 1.0.1 | 29.00 | OK | |||
r-release-macos-x86_64 | 1.0.1 | 43.00 | OK | |||
r-release-windows-x86_64 | 1.0.1 | 5.00 | 60.00 | 65.00 | OK | |
r-oldrel-macos-arm64 | 1.0.1 | 32.00 | OK | |||
r-oldrel-macos-x86_64 | 1.0.1 | 46.00 | OK | |||
r-oldrel-windows-x86_64 | 1.0.1 | 6.00 | 89.00 | 95.00 | OK |
Version: 1.0.1
Check: dependencies in R code
Result: NOTE
Namespaces in Imports field not imported from:
‘ConfusionTableR’ ‘OddsPlotty’ ‘caret’ ‘dplyr’ ‘ggplot2’ ‘parsnip’
‘ranger’ ‘recipes’ ‘rsample’ ‘varhandle’ ‘workflows’
All declared Imports should be used.
Flavors: r-devel-linux-x86_64-fedora-clang, r-devel-linux-x86_64-fedora-gcc