Last updated on 2025-10-31 07:51:50 CET.
| Flavor | Version | Tinstall | Tcheck | Ttotal | Status | Flags | 
|---|---|---|---|---|---|---|
| r-devel-linux-x86_64-debian-clang | 0.1.1 | 869.49 | 228.09 | 1097.58 | OK | |
| r-devel-linux-x86_64-debian-gcc | 0.1.1 | 829.08 | 223.17 | 1052.25 | OK | |
| r-devel-linux-x86_64-fedora-clang | 0.1.1 | 2580.00 | -848.81 | 1731.19 | NOTE | |
| r-devel-linux-x86_64-fedora-gcc | 0.1.1 | 5040.00 | -2630.81 | 2409.19 | NOTE | |
| r-devel-windows-x86_64 | 0.1.1 | 944.00 | 318.00 | 1262.00 | OK | |
| r-patched-linux-x86_64 | 0.1.1 | 1021.82 | 307.02 | 1328.84 | OK | |
| r-release-linux-x86_64 | 0.1.1 | 1044.96 | 307.43 | 1352.39 | OK | |
| r-release-macos-arm64 | 0.1.1 | 240.00 | 51.00 | 291.00 | OK | |
| r-release-macos-x86_64 | 0.1.1 | 385.00 | 97.00 | 482.00 | OK | |
| r-release-windows-x86_64 | 0.1.1 | 921.00 | 321.00 | 1242.00 | OK | |
| r-oldrel-macos-arm64 | 0.1.1 | 290.00 | 58.00 | 348.00 | NOTE | |
| r-oldrel-macos-x86_64 | 0.1.1 | 463.00 | 129.00 | 592.00 | NOTE | |
| r-oldrel-windows-x86_64 | 0.1.1 | 1059.00 | 402.00 | 1461.00 | NOTE | 
Version: 0.1.1
Check: dependencies in R code
Result: NOTE
  Namespaces in Imports field not imported from:
    ‘pracma’ ‘rstantools’
    All declared Imports should be used.
Flavors: r-devel-linux-x86_64-fedora-clang, r-devel-linux-x86_64-fedora-gcc
Version: 0.1.1
Check: installed package size
Result: NOTE
    installed size is 164.7Mb
    sub-directories of 1Mb or more:
      libs  164.0Mb
Flavors: r-oldrel-macos-arm64, r-oldrel-macos-x86_64, r-oldrel-windows-x86_64
Version: 0.1.1
Check: for GNU extensions in Makefiles
Result: NOTE
  GNU make is a SystemRequirements.
Flavors: r-oldrel-macos-arm64, r-oldrel-macos-x86_64, r-oldrel-windows-x86_64