Last updated on 2024-05-13 07:50:07 CEST.
Flavor | Version | Tinstall | Tcheck | Ttotal | Status | Flags |
---|---|---|---|---|---|---|
r-devel-linux-x86_64-debian-clang | 0.1-1 | 8.93 | 91.90 | 100.83 | NOTE | |
r-devel-linux-x86_64-debian-gcc | 0.1-1 | 6.00 | 69.26 | 75.26 | NOTE | |
r-devel-linux-x86_64-fedora-clang | 0.1-1 | 124.48 | NOTE | |||
r-devel-linux-x86_64-fedora-gcc | 0.1-1 | 180.16 | NOTE | |||
r-devel-windows-x86_64 | 0.1-1 | 8.00 | 122.00 | 130.00 | NOTE | |
r-patched-linux-x86_64 | 0.1-1 | 8.94 | 86.82 | 95.76 | NOTE | |
r-release-linux-x86_64 | 0.1-1 | 5.40 | 86.85 | 92.25 | NOTE | |
r-release-macos-arm64 | 0.1-1 | 46.00 | NOTE | |||
r-release-windows-x86_64 | 0.1-1 | 9.00 | 119.00 | 128.00 | NOTE | |
r-oldrel-macos-arm64 | 0.1-1 | 51.00 | NOTE | |||
r-oldrel-macos-x86_64 | 0.1-1 | 70.00 | NOTE | |||
r-oldrel-windows-x86_64 | 0.1-1 | 10.00 | 125.00 | 135.00 | NOTE |
Version: 0.1-1
Check: LazyData
Result: NOTE
'LazyData' is specified without a 'data' directory
Flavors: r-devel-linux-x86_64-debian-clang, r-devel-linux-x86_64-debian-gcc, r-devel-linux-x86_64-fedora-clang, r-devel-linux-x86_64-fedora-gcc, r-devel-windows-x86_64, r-patched-linux-x86_64, r-release-linux-x86_64, r-release-macos-arm64, r-release-windows-x86_64, r-oldrel-macos-arm64, r-oldrel-macos-x86_64, r-oldrel-windows-x86_64