Last updated on 2025-05-09 07:50:59 CEST.
Flavor | Version | Tinstall | Tcheck | Ttotal | Status | Flags |
---|---|---|---|---|---|---|
r-devel-linux-x86_64-debian-clang | 0.1.0 | 1.82 | 24.75 | 26.57 | NOTE | |
r-devel-linux-x86_64-debian-gcc | 0.1.0 | 1.40 | 19.66 | 21.06 | NOTE | |
r-devel-linux-x86_64-fedora-clang | 0.1.0 | 41.97 | NOTE | |||
r-devel-linux-x86_64-fedora-gcc | 0.1.0 | 39.69 | NOTE | |||
r-devel-windows-x86_64 | 0.1.0 | 3.00 | 49.00 | 52.00 | OK | |
r-patched-linux-x86_64 | 0.1.0 | 1.24 | 23.21 | 24.45 | OK | |
r-release-linux-x86_64 | 0.1.0 | 1.46 | 23.30 | 24.76 | OK | |
r-release-macos-arm64 | 0.1.0 | 18.00 | OK | |||
r-release-macos-x86_64 | 0.1.0 | 30.00 | OK | |||
r-release-windows-x86_64 | 0.1.0 | 3.00 | 50.00 | 53.00 | OK | |
r-oldrel-macos-arm64 | 0.1.0 | 17.00 | OK | |||
r-oldrel-macos-x86_64 | 0.1.0 | 31.00 | OK | |||
r-oldrel-windows-x86_64 | 0.1.0 | 2.00 | 55.00 | 57.00 | OK |
Version: 0.1.0
Check: CRAN incoming feasibility
Result: NOTE
Maintainer: ‘Rong Li <rong_li@ruc.edu.cn>’
No Authors@R field in DESCRIPTION.
Please add one, modifying
Authors@R: c(person(given = "Mingcong",
family = "Wu",
role = "aut"),
person(given = "Yang",
family = "Li",
role = "aut"),
person(given = "Rong",
family = "Li",
role = c("aut", "cre"),
email = "rong_li@ruc.edu.cn"))
as necessary.
Flavors: r-devel-linux-x86_64-debian-clang, r-devel-linux-x86_64-debian-gcc
Version: 0.1.0
Check: dependencies in R code
Result: NOTE
Namespace in Imports field not imported from: ‘base’
All declared Imports should be used.
Flavors: r-devel-linux-x86_64-fedora-clang, r-devel-linux-x86_64-fedora-gcc