Last updated on 2025-11-03 07:48:42 CET.
| Flavor | Version | Tinstall | Tcheck | Ttotal | Status | Flags | 
|---|---|---|---|---|---|---|
| r-devel-linux-x86_64-debian-clang | 1.5.5 | 6.68 | 49.55 | 56.23 | NOTE | |
| r-devel-linux-x86_64-debian-gcc | 1.5.6 | 4.87 | 36.02 | 40.89 | OK | |
| r-devel-linux-x86_64-fedora-clang | 1.5.6 | 37.00 | 55.09 | 92.09 | OK | |
| r-devel-linux-x86_64-fedora-gcc | 1.5.6 | 29.00 | 56.89 | 85.89 | OK | |
| r-devel-windows-x86_64 | 1.5.6 | 16.00 | 74.00 | 90.00 | OK | |
| r-patched-linux-x86_64 | 1.5.5 | 5.38 | 47.85 | 53.23 | NOTE | |
| r-release-linux-x86_64 | 1.5.6 | 6.66 | 47.82 | 54.48 | OK | |
| r-release-macos-arm64 | 1.5.6 | 4.00 | 25.00 | 29.00 | OK | |
| r-release-macos-x86_64 | 1.5.6 | 8.00 | 48.00 | 56.00 | OK | |
| r-release-windows-x86_64 | 1.5.6 | 12.00 | 72.00 | 84.00 | OK | |
| r-oldrel-macos-arm64 | 1.5.6 | 5.00 | 29.00 | 34.00 | OK | |
| r-oldrel-macos-x86_64 | 1.5.6 | 10.00 | 54.00 | 64.00 | OK | |
| r-oldrel-windows-x86_64 | 1.5.6 | 15.00 | 88.00 | 103.00 | OK | 
Version: 1.5.5
Check: CRAN incoming feasibility
Result: NOTE
  Maintainer: ‘Jake Zwart <jayzlimno@gmail.com>’
  
  Package CITATION file contains call(s) to old-style personList() or
  as.personList().  Please use c() on person objects instead.
  Package CITATION file contains call(s) to old-style citEntry().  Please
  use bibentry() instead.
Flavor: r-devel-linux-x86_64-debian-clang
Version: 1.5.5
Check: Rd cross-references
Result: NOTE
  Found the following Rd file(s) with Rd \link{} targets missing package
  anchors:
    load.all.data.Rd: load.ts
    load.meta.Rd: load.ts
    metab.bayesian.Rd: ts.meta.depths
    metab.bookkeep.Rd: ts.meta.depths
    metab.kalman.Rd: ts.meta.depths
    metab.mle.Rd: ts.meta.depths
    metab.ols.Rd: ts.meta.depths
    o2.at.sat.Rd: water.density
  Please provide package anchors for all Rd \link{} targets not in the
  package itself and the base packages.
Flavors: r-devel-linux-x86_64-debian-clang, r-patched-linux-x86_64