CRAN Package Check Results for Package LSRS

Last updated on 2025-02-19 07:53:48 CET.

Flavor Version Tinstall Tcheck Ttotal Status Flags
r-devel-linux-x86_64-debian-clang 0.2.0 1.69 17.02 18.71 OK
r-devel-linux-x86_64-debian-gcc 0.2.0 1.26 13.73 14.99 OK
r-devel-linux-x86_64-fedora-clang 0.2.0 30.19 OK
r-devel-linux-x86_64-fedora-gcc 0.2.0 28.14 OK
r-devel-macos-arm64 0.2.0 14.00 OK
r-devel-macos-x86_64 0.2.0 22.00 OK
r-devel-windows-x86_64 0.2.0 3.00 38.00 41.00 OK
r-patched-linux-x86_64 0.2.0 1.69 16.18 17.87 NOTE
r-release-linux-x86_64 0.2.0 1.71 15.88 17.59 NOTE
r-release-macos-arm64 0.2.0 14.00 NOTE
r-release-macos-x86_64 0.2.0 19.00 NOTE
r-release-windows-x86_64 0.2.0 4.00 40.00 44.00 NOTE
r-oldrel-macos-arm64 0.2.0 15.00 NOTE
r-oldrel-macos-x86_64 0.2.0 19.00 NOTE
r-oldrel-windows-x86_64 0.2.0 3.00 40.00 43.00 NOTE

Check Details

Version: 0.2.0
Check: LazyData
Result: NOTE 'LazyData' is specified without a 'data' directory Flavors: r-patched-linux-x86_64, r-release-linux-x86_64, r-release-macos-arm64, r-release-macos-x86_64, r-release-windows-x86_64, r-oldrel-macos-arm64, r-oldrel-macos-x86_64, r-oldrel-windows-x86_64