Last updated on 2024-05-11 07:51:35 CEST.
Flavor | Version | Tinstall | Tcheck | Ttotal | Status | Flags |
---|---|---|---|---|---|---|
r-devel-linux-x86_64-debian-clang | 0.1.3 | 8.35 | 84.53 | 92.88 | NOTE | |
r-devel-linux-x86_64-debian-gcc | 0.1.3 | 7.14 | 62.55 | 69.69 | NOTE | |
r-devel-linux-x86_64-fedora-clang | 0.1.3 | 116.26 | NOTE | |||
r-devel-linux-x86_64-fedora-gcc | 0.1.3 | 147.10 | NOTE | |||
r-devel-windows-x86_64 | 0.1.3 | 9.00 | 79.00 | 88.00 | NOTE | |
r-patched-linux-x86_64 | 0.1.3 | 8.09 | 81.60 | 89.69 | NOTE | |
r-release-linux-x86_64 | 0.1.3 | 8.27 | 79.63 | 87.90 | NOTE | |
r-release-macos-arm64 | 0.1.3 | 36.00 | NOTE | |||
r-release-windows-x86_64 | 0.1.3 | 9.00 | 80.00 | 89.00 | NOTE | |
r-oldrel-macos-arm64 | 0.1.3 | 35.00 | NOTE | |||
r-oldrel-macos-x86_64 | 0.1.3 | 54.00 | NOTE | |||
r-oldrel-windows-x86_64 | 0.1.3 | 11.00 | 93.00 | 104.00 | NOTE |
Version: 0.1.3
Check: LazyData
Result: NOTE
'LazyData' is specified without a 'data' directory
Flavors: r-devel-linux-x86_64-debian-clang, r-devel-linux-x86_64-debian-gcc, r-devel-linux-x86_64-fedora-clang, r-devel-linux-x86_64-fedora-gcc, r-devel-windows-x86_64, r-patched-linux-x86_64, r-release-linux-x86_64, r-release-macos-arm64, r-release-windows-x86_64, r-oldrel-macos-arm64, r-oldrel-macos-x86_64, r-oldrel-windows-x86_64