CRAN Package Check Results for Package LCAvarsel

Last updated on 2025-02-19 07:53:47 CET.

Flavor Version Tinstall Tcheck Ttotal Status Flags
r-devel-linux-x86_64-debian-clang 1.1 2.88 31.23 34.11 NOTE
r-devel-linux-x86_64-debian-gcc 1.1 2.06 23.94 26.00 NOTE
r-devel-linux-x86_64-fedora-clang 1.1 55.78 NOTE
r-devel-linux-x86_64-fedora-gcc 1.1 52.61 NOTE
r-devel-macos-arm64 1.1 22.00 OK
r-devel-macos-x86_64 1.1 36.00 OK
r-devel-windows-x86_64 1.1 4.00 62.00 66.00 NOTE
r-patched-linux-x86_64 1.1 5.34 29.95 35.29 NOTE
r-release-linux-x86_64 1.1 2.47 29.99 32.46 NOTE
r-release-macos-arm64 1.1 21.00 NOTE
r-release-macos-x86_64 1.1 31.00 NOTE
r-release-windows-x86_64 1.1 4.00 62.00 66.00 NOTE
r-oldrel-macos-arm64 1.1 21.00 NOTE
r-oldrel-macos-x86_64 1.1 40.00 NOTE
r-oldrel-windows-x86_64 1.1 5.00 57.00 62.00 NOTE

Check Details

Version: 1.1
Check: Rd cross-references
Result: NOTE Found the following Rd file(s) with Rd \link{} targets missing package anchors: fitLCA.Rd: poLCA Please provide package anchors for all Rd \link{} targets not in the package itself and the base packages. Flavors: r-devel-linux-x86_64-debian-clang, r-devel-linux-x86_64-debian-gcc, r-devel-windows-x86_64

Version: 1.1
Check: dependencies in R code
Result: NOTE Namespace in Imports field not imported from: ‘doParallel’ All declared Imports should be used. Flavors: r-devel-linux-x86_64-fedora-clang, r-devel-linux-x86_64-fedora-gcc

Version: 1.1
Check: LazyData
Result: NOTE 'LazyData' is specified without a 'data' directory Flavors: r-patched-linux-x86_64, r-release-linux-x86_64, r-release-macos-arm64, r-release-macos-x86_64, r-release-windows-x86_64, r-oldrel-macos-arm64, r-oldrel-macos-x86_64, r-oldrel-windows-x86_64