Last updated on 2025-11-03 07:48:42 CET.
| Flavor | Version | Tinstall | Tcheck | Ttotal | Status | Flags |
|---|---|---|---|---|---|---|
| r-devel-linux-x86_64-debian-clang | 1.0.0 | 2.44 | 30.45 | 32.89 | NOTE | |
| r-devel-linux-x86_64-debian-gcc | 1.0.0 | 1.79 | 23.70 | 25.49 | NOTE | |
| r-devel-linux-x86_64-fedora-clang | 1.0.0 | 10.00 | 41.81 | 51.81 | NOTE | |
| r-devel-linux-x86_64-fedora-gcc | 1.0.0 | 44.79 | NOTE | |||
| r-devel-windows-x86_64 | 1.0.0 | 4.00 | 50.00 | 54.00 | OK | |
| r-patched-linux-x86_64 | 1.0.0 | 2.10 | 28.60 | 30.70 | OK | |
| r-release-linux-x86_64 | 1.0.0 | 1.87 | 29.09 | 30.96 | OK | |
| r-release-macos-arm64 | 1.0.0 | 1.00 | 23.00 | 24.00 | OK | |
| r-release-macos-x86_64 | 1.0.0 | 2.00 | 31.00 | 33.00 | OK | |
| r-release-windows-x86_64 | 1.0.0 | 4.00 | 50.00 | 54.00 | OK | |
| r-oldrel-macos-arm64 | 1.0.0 | 1.00 | 17.00 | 18.00 | OK | |
| r-oldrel-macos-x86_64 | 1.0.0 | 2.00 | 26.00 | 28.00 | OK | |
| r-oldrel-windows-x86_64 | 1.0.0 | 5.00 | 59.00 | 64.00 | OK |
Version: 1.0.0
Check: CRAN incoming feasibility
Result: NOTE
Maintainer: ‘Yves Ismael Ngounou Bakam <yvesngounou20@gmail.com>’
The Description field contains
Bakam and Denys Pommeret (2022) <arXiv:2112.05623> and Yves I. Ngounou
Bakam and Denys Pommeret (2022) <arXiv:2211.06338>.
Please refer to arXiv e-prints via their arXiv DOI <doi:10.48550/arXiv.YYMM.NNNNN>.
Flavors: r-devel-linux-x86_64-debian-clang, r-devel-linux-x86_64-debian-gcc
Version: 1.0.0
Check: dependencies in R code
Result: NOTE
Namespace in Imports field not imported from: ‘base’
All declared Imports should be used.
Flavors: r-devel-linux-x86_64-fedora-clang, r-devel-linux-x86_64-fedora-gcc