Last updated on 2025-02-11 07:48:26 CET.
Flavor | Version | Tinstall | Tcheck | Ttotal | Status | Flags |
---|---|---|---|---|---|---|
r-devel-linux-x86_64-debian-clang | 1.0.0 | 15.34 | 43.37 | 58.71 | OK | |
r-devel-linux-x86_64-debian-gcc | 1.0.0 | 10.07 | 28.96 | 39.03 | OK | |
r-devel-linux-x86_64-fedora-clang | 1.0.0 | 98.68 | NOTE | |||
r-devel-linux-x86_64-fedora-gcc | 1.0.0 | 90.05 | NOTE | |||
r-devel-windows-x86_64 | 1.0.0 | 17.00 | 67.00 | 84.00 | OK | |
r-patched-linux-x86_64 | 1.0.0 | 15.62 | 39.75 | 55.37 | OK | |
r-release-linux-x86_64 | 1.0.0 | 16.15 | 40.04 | 56.19 | OK | |
r-release-macos-arm64 | 1.0.0 | 29.00 | OK | |||
r-release-macos-x86_64 | 1.0.0 | 43.00 | OK | |||
r-release-windows-x86_64 | 1.0.0 | 16.00 | 67.00 | 83.00 | OK | |
r-oldrel-macos-arm64 | 1.0.0 | 30.00 | OK | |||
r-oldrel-macos-x86_64 | 1.0.0 | 48.00 | OK | |||
r-oldrel-windows-x86_64 | 1.0.0 | 17.00 | 75.00 | 92.00 | OK |
Version: 1.0.0
Check: compiled code
Result: NOTE
File ‘KERE/libs/KERE.so’:
Found no calls to: ‘R_registerRoutines’, ‘R_useDynamicSymbols’
It is good practice to register native routines and to disable symbol
search.
See ‘Writing portable packages’ in the ‘Writing R Extensions’ manual.
Flavors: r-devel-linux-x86_64-fedora-clang, r-devel-linux-x86_64-fedora-gcc