Last updated on 2025-05-09 07:50:58 CEST.
Flavor | Version | Tinstall | Tcheck | Ttotal | Status | Flags |
---|---|---|---|---|---|---|
r-devel-linux-x86_64-debian-clang | 1.0.0 | 15.67 | 42.50 | 58.17 | NOTE | |
r-devel-linux-x86_64-debian-gcc | 1.0.0 | 9.90 | 30.32 | 40.22 | NOTE | |
r-devel-linux-x86_64-fedora-clang | 1.0.0 | 101.73 | NOTE | |||
r-devel-linux-x86_64-fedora-gcc | 1.0.0 | 96.98 | NOTE | |||
r-devel-windows-x86_64 | 1.0.0 | 18.00 | 68.00 | 86.00 | OK | |
r-patched-linux-x86_64 | 1.0.0 | 13.78 | 40.97 | 54.75 | OK | |
r-release-linux-x86_64 | 1.0.0 | 15.13 | 40.57 | 55.70 | OK | |
r-release-macos-arm64 | 1.0.0 | 30.00 | OK | |||
r-release-macos-x86_64 | 1.0.0 | 64.00 | OK | |||
r-release-windows-x86_64 | 1.0.0 | 15.00 | 68.00 | 83.00 | OK | |
r-oldrel-macos-arm64 | 1.0.0 | 29.00 | OK | |||
r-oldrel-macos-x86_64 | 1.0.0 | 43.00 | OK | |||
r-oldrel-windows-x86_64 | 1.0.0 | 16.00 | 67.00 | 83.00 | OK |
Version: 1.0.0
Check: CRAN incoming feasibility
Result: NOTE
Maintainer: ‘Yi Yang <yiyang@umn.edu>’
No Authors@R field in DESCRIPTION.
Please add one, modifying
Authors@R: c(person(given = "Yi",
family = "Yang",
role = c("aut", "cre"),
email = "yiyang@umn.edu"),
person(given = "Teng",
family = "Zhang",
role = "aut"),
person(given = "Hui",
family = "Zou",
role = "aut"))
as necessary.
Flavors: r-devel-linux-x86_64-debian-clang, r-devel-linux-x86_64-debian-gcc
Version: 1.0.0
Check: compiled code
Result: NOTE
File ‘KERE/libs/KERE.so’:
Found no calls to: ‘R_registerRoutines’, ‘R_useDynamicSymbols’
It is good practice to register native routines and to disable symbol
search.
See ‘Writing portable packages’ in the ‘Writing R Extensions’ manual.
Flavors: r-devel-linux-x86_64-fedora-clang, r-devel-linux-x86_64-fedora-gcc