Last updated on 2024-07-26 07:51:53 CEST.
Flavor | Version | Tinstall | Tcheck | Ttotal | Status | Flags |
---|---|---|---|---|---|---|
r-devel-linux-x86_64-debian-clang | 0.2.4 | 4.26 | 54.74 | 59.00 | OK | |
r-devel-linux-x86_64-debian-gcc | 0.2.4 | 2.49 | 41.39 | 43.88 | OK | |
r-devel-linux-x86_64-fedora-clang | 0.2.4 | 72.30 | NOTE | |||
r-devel-linux-x86_64-fedora-gcc | 0.2.4 | 82.66 | OK | |||
r-devel-windows-x86_64 | 0.2.4 | 5.00 | 89.00 | 94.00 | NOTE | |
r-patched-linux-x86_64 | 0.2.4 | OK | ||||
r-release-linux-x86_64 | 0.2.4 | 4.38 | 51.38 | 55.76 | OK | |
r-release-macos-arm64 | 0.2.4 | 51.00 | NOTE | |||
r-release-macos-x86_64 | 0.2.4 | 61.00 | NOTE | |||
r-release-windows-x86_64 | 0.2.4 | 5.00 | 89.00 | 94.00 | NOTE | |
r-oldrel-macos-arm64 | 0.2.4 | 43.00 | NOTE | |||
r-oldrel-macos-x86_64 | 0.2.4 | 91.00 | NOTE | |||
r-oldrel-windows-x86_64 | 0.2.4 | 5.00 | 93.00 | 98.00 | NOTE |
Version: 0.2.4
Check: installed package size
Result: NOTE
installed size is 6.9Mb
sub-directories of 1Mb or more:
doc 2.4Mb
extdata 4.0Mb
Flavors: r-devel-linux-x86_64-fedora-clang, r-devel-windows-x86_64, r-release-macos-arm64, r-release-macos-x86_64, r-release-windows-x86_64, r-oldrel-macos-arm64, r-oldrel-macos-x86_64, r-oldrel-windows-x86_64
Version: 0.2.4
Check: Rd cross-references
Result: NOTE
Undeclared package ‘rjwsacruncher’ in Rd xrefs
Flavor: r-devel-linux-x86_64-fedora-clang