Last updated on 2025-02-17 07:50:36 CET.
Flavor | Version | Tinstall | Tcheck | Ttotal | Status | Flags |
---|---|---|---|---|---|---|
r-devel-linux-x86_64-debian-clang | 1.4 | 55.46 | 27.86 | 83.32 | NOTE | |
r-devel-linux-x86_64-debian-gcc | 1.4 | 34.98 | 21.63 | 56.61 | NOTE | |
r-devel-linux-x86_64-fedora-clang | 1.4 | 170.68 | NOTE | |||
r-devel-linux-x86_64-fedora-gcc | 1.4 | 144.22 | NOTE | |||
r-devel-macos-arm64 | 1.4 | 37.00 | NOTE | |||
r-devel-macos-x86_64 | 1.4 | 53.00 | NOTE | |||
r-devel-windows-x86_64 | 1.4 | 57.00 | 86.00 | 143.00 | NOTE | |
r-patched-linux-x86_64 | 1.4 | 50.67 | 26.57 | 77.24 | NOTE | |
r-release-linux-x86_64 | 1.4 | 51.12 | 26.75 | 77.87 | NOTE | |
r-release-macos-arm64 | 1.4 | 39.00 | NOTE | |||
r-release-macos-x86_64 | 1.4 | 44.00 | NOTE | |||
r-release-windows-x86_64 | 1.4 | 59.00 | 82.00 | 141.00 | NOTE | |
r-oldrel-macos-arm64 | 1.4 | 48.00 | NOTE | |||
r-oldrel-macos-x86_64 | 1.4 | 80.00 | NOTE | |||
r-oldrel-windows-x86_64 | 1.4 | 73.00 | 81.00 | 154.00 | NOTE |
Version: 1.4
Check: C++ specification
Result: NOTE
Specified C++11: please drop specification unless essential
Flavors: r-devel-linux-x86_64-debian-clang, r-devel-linux-x86_64-debian-gcc, r-devel-linux-x86_64-fedora-clang, r-devel-linux-x86_64-fedora-gcc, r-devel-macos-arm64, r-devel-macos-x86_64, r-devel-windows-x86_64, r-patched-linux-x86_64, r-release-linux-x86_64, r-release-macos-arm64, r-release-macos-x86_64, r-release-windows-x86_64, r-oldrel-macos-arm64, r-oldrel-macos-x86_64, r-oldrel-windows-x86_64