Last updated on 2024-07-26 07:51:53 CEST.
Flavor | Version | Tinstall | Tcheck | Ttotal | Status | Flags |
---|---|---|---|---|---|---|
r-devel-linux-x86_64-debian-clang | 1.1.3 | 4.74 | 221.86 | 226.60 | OK | |
r-devel-linux-x86_64-debian-gcc | 1.1.3 | 3.28 | 170.50 | 173.78 | OK | |
r-devel-linux-x86_64-fedora-clang | 1.1.3 | 261.27 | NOTE | |||
r-devel-linux-x86_64-fedora-gcc | 1.1.3 | 254.21 | NOTE | |||
r-devel-windows-x86_64 | 1.1.3 | 5.00 | 269.00 | 274.00 | OK | |
r-patched-linux-x86_64 | 1.1.3 | OK | ||||
r-release-linux-x86_64 | 1.1.3 | 2.58 | 222.57 | 225.15 | OK | |
r-release-macos-arm64 | 1.1.3 | 73.00 | OK | |||
r-release-macos-x86_64 | 1.1.3 | 105.00 | OK | |||
r-release-windows-x86_64 | 1.1.3 | 5.00 | 265.00 | 270.00 | OK | |
r-oldrel-macos-arm64 | 1.1.3 | 82.00 | OK | |||
r-oldrel-macos-x86_64 | 1.1.3 | 124.00 | OK | |||
r-oldrel-windows-x86_64 | 1.1.3 | 6.00 | 321.00 | 327.00 | OK |
Version: 1.1.3
Check: dependencies in R code
Result: NOTE
Namespaces in Imports field not imported from:
‘curl’ ‘readxl’
All declared Imports should be used.
Flavors: r-devel-linux-x86_64-fedora-clang, r-devel-linux-x86_64-fedora-gcc