Last updated on 2025-05-09 07:50:57 CEST.
Flavor | Version | Tinstall | Tcheck | Ttotal | Status | Flags |
---|---|---|---|---|---|---|
r-devel-linux-x86_64-debian-clang | 1.3.2 | 2.37 | 20.05 | 22.42 | NOTE | |
r-devel-linux-x86_64-debian-gcc | 1.3.2 | 1.74 | 15.82 | 17.56 | NOTE | |
r-devel-linux-x86_64-fedora-clang | 1.3.2 | 35.03 | OK | |||
r-devel-linux-x86_64-fedora-gcc | 1.3.2 | 34.83 | OK | |||
r-devel-windows-x86_64 | 1.3.2 | 4.00 | 39.00 | 43.00 | OK | |
r-patched-linux-x86_64 | 1.3.2 | 2.62 | 19.01 | 21.63 | OK | |
r-release-linux-x86_64 | 1.3.2 | 1.91 | 19.17 | 21.08 | OK | |
r-release-macos-arm64 | 1.3.2 | 16.00 | OK | |||
r-release-macos-x86_64 | 1.3.2 | 26.00 | OK | |||
r-release-windows-x86_64 | 1.3.2 | 3.00 | 41.00 | 44.00 | OK | |
r-oldrel-macos-arm64 | 1.3.2 | 14.00 | OK | |||
r-oldrel-macos-x86_64 | 1.3.2 | 24.00 | OK | |||
r-oldrel-windows-x86_64 | 1.3.2 | 4.00 | 39.00 | 43.00 | OK |
Version: 1.3.2
Check: CRAN incoming feasibility
Result: NOTE
Maintainer: ‘Alejandro Saavedra-Nieves <alejandro.saavedra.nieves@gmail.com>’
No Authors@R field in DESCRIPTION.
Please add one, modifying
Authors@R: c(person(given = "Alejandro",
family = "Saavedra-Nieves",
role = c("aut", "cre"),
email = "alejandro.saavedra.nieves@gmail.com"),
person(given = "Paula",
family = "Saavedra-Nieves",
role = "aut"))
as necessary.
Flavors: r-devel-linux-x86_64-debian-clang, r-devel-linux-x86_64-debian-gcc