Last updated on 2024-07-26 07:51:52 CEST.
Flavor | Version | Tinstall | Tcheck | Ttotal | Status | Flags |
---|---|---|---|---|---|---|
r-devel-linux-x86_64-debian-clang | 1.0.4 | 31.07 | 386.82 | 417.89 | OK | |
r-devel-linux-x86_64-debian-gcc | 1.0.4 | 27.17 | 268.31 | 295.48 | OK | |
r-devel-linux-x86_64-fedora-clang | 1.0.4 | 505.78 | NOTE | |||
r-devel-linux-x86_64-fedora-gcc | 1.0.4 | 491.89 | NOTE | |||
r-devel-windows-x86_64 | 1.0.4 | 26.00 | 263.00 | 289.00 | OK | |
r-patched-linux-x86_64 | 1.0.4 | OK | ||||
r-release-linux-x86_64 | 1.0.4 | 19.99 | 353.11 | 373.10 | OK | |
r-release-macos-arm64 | 1.0.4 | 144.00 | OK | |||
r-release-macos-x86_64 | 1.0.4 | 226.00 | OK | |||
r-release-windows-x86_64 | 1.0.4 | 26.00 | 264.00 | 290.00 | OK | |
r-oldrel-macos-arm64 | 1.0.4 | 96.00 | OK | |||
r-oldrel-macos-x86_64 | 1.0.4 | 135.00 | OK | |||
r-oldrel-windows-x86_64 | 1.0.4 | 36.00 | 342.00 | 378.00 | OK |
Version: 1.0.4
Check: data for non-ASCII characters
Result: NOTE
Note: found 10 marked UTF-8 strings
Flavors: r-devel-linux-x86_64-fedora-clang, r-devel-linux-x86_64-fedora-gcc
Version: 1.0.4
Check: for detritus in the temp directory
Result: NOTE
Found the following files/directories:
‘Crashpad’
Flavor: r-devel-linux-x86_64-fedora-gcc