Last updated on 2025-02-19 07:53:46 CET.
Flavor | Version | Tinstall | Tcheck | Ttotal | Status | Flags |
---|---|---|---|---|---|---|
r-devel-linux-x86_64-debian-clang | 1.2 | 8.94 | 72.24 | 81.18 | OK | |
r-devel-linux-x86_64-debian-gcc | 1.2 | 7.01 | 51.48 | 58.49 | OK | |
r-devel-linux-x86_64-fedora-clang | 1.2 | 135.89 | OK | |||
r-devel-linux-x86_64-fedora-gcc | 1.2 | 120.07 | OK | |||
r-devel-macos-arm64 | 1.2 | 47.00 | OK | |||
r-devel-macos-x86_64 | 1.2 | 69.00 | OK | |||
r-devel-windows-x86_64 | 1.2 | 9.00 | 79.00 | 88.00 | OK | |
r-patched-linux-x86_64 | 1.2 | 7.95 | 66.76 | 74.71 | NOTE | |
r-release-linux-x86_64 | 1.2 | 8.97 | 66.32 | 75.29 | NOTE | |
r-release-macos-arm64 | 1.2 | 33.00 | NOTE | |||
r-release-macos-x86_64 | 1.2 | 50.00 | NOTE | |||
r-release-windows-x86_64 | 1.2 | 11.00 | 76.00 | 87.00 | NOTE | |
r-oldrel-macos-arm64 | 1.2 | 36.00 | NOTE | |||
r-oldrel-macos-x86_64 | 1.2 | 63.00 | NOTE | |||
r-oldrel-windows-x86_64 | 1.2 | 13.00 | 108.00 | 121.00 | NOTE |
Version: 1.2
Check: LazyData
Result: NOTE
'LazyData' is specified without a 'data' directory
Flavors: r-patched-linux-x86_64, r-release-linux-x86_64, r-release-macos-arm64, r-release-macos-x86_64, r-release-windows-x86_64, r-oldrel-macos-arm64, r-oldrel-macos-x86_64, r-oldrel-windows-x86_64