CRAN Package Check Results for Package IFC

Last updated on 2025-06-30 07:49:22 CEST.

Flavor Version Tinstall Tcheck Ttotal Status Flags
r-devel-linux-x86_64-debian-clang 0.2.1 54.73 133.58 188.31 OK
r-devel-linux-x86_64-debian-gcc 0.2.1 41.94 88.48 130.42 OK
r-devel-linux-x86_64-fedora-clang 0.2.1 294.30 OK
r-devel-linux-x86_64-fedora-gcc 0.2.1 308.14 OK
r-devel-windows-x86_64 0.2.1 72.00 178.00 250.00 OK
r-patched-linux-x86_64 OK
r-release-linux-x86_64 0.2.1 54.04 127.99 182.03 OK
r-release-macos-arm64 0.2.1 79.00 OK
r-release-macos-x86_64 0.2.1 136.00 OK
r-release-windows-x86_64 0.2.1 69.00 175.00 244.00 OK
r-oldrel-macos-arm64 0.2.1 66.00 NOTE
r-oldrel-macos-x86_64 0.2.1 106.00 NOTE
r-oldrel-windows-x86_64 0.2.1 82.00 217.00 299.00 NOTE

Check Details

Version: 0.2.1
Check: package dependencies
Result: NOTE Package suggested but not available for checking: ‘IFCdata’ Flavors: r-oldrel-macos-arm64, r-oldrel-macos-x86_64, r-oldrel-windows-x86_64

Version: 0.2.1
Check: installed package size
Result: NOTE installed size is 7.4Mb sub-directories of 1Mb or more: R 2.0Mb libs 4.6Mb Flavors: r-oldrel-macos-arm64, r-oldrel-macos-x86_64