Last updated on 2024-07-26 07:51:52 CEST.
Flavor | Version | Tinstall | Tcheck | Ttotal | Status | Flags |
---|---|---|---|---|---|---|
r-devel-linux-x86_64-debian-clang | 1.0.8 | 82.52 | 159.35 | 241.87 | OK | |
r-devel-linux-x86_64-debian-gcc | 1.0.8 | 50.89 | 116.26 | 167.15 | OK | |
r-devel-linux-x86_64-fedora-clang | 1.0.8 | 310.84 | OK | |||
r-devel-linux-x86_64-fedora-gcc | 1.0.8 | 286.71 | OK | |||
r-devel-windows-x86_64 | 1.0.8 | 57.00 | 161.00 | 218.00 | OK | |
r-patched-linux-x86_64 | 1.0.8 | OK | ||||
r-release-linux-x86_64 | 1.0.8 | 43.78 | 152.53 | 196.31 | OK | |
r-release-macos-arm64 | 1.0.8 | 72.00 | NOTE | |||
r-release-macos-x86_64 | 1.0.8 | 108.00 | NOTE | |||
r-release-windows-x86_64 | 1.0.8 | 60.00 | 160.00 | 220.00 | OK | |
r-oldrel-macos-arm64 | 1.0.8 | 81.00 | NOTE | |||
r-oldrel-macos-x86_64 | 1.0.8 | 176.00 | NOTE | |||
r-oldrel-windows-x86_64 | 1.0.8 | 70.00 | 202.00 | 272.00 | OK |
Version: 1.0.8
Check: installed package size
Result: NOTE
installed size is 6.9Mb
sub-directories of 1Mb or more:
data 1.0Mb
libs 4.9Mb
Flavors: r-release-macos-arm64, r-release-macos-x86_64, r-oldrel-macos-arm64, r-oldrel-macos-x86_64