Last updated on 2024-07-26 07:51:52 CEST.
Flavor | Version | Tinstall | Tcheck | Ttotal | Status | Flags |
---|---|---|---|---|---|---|
r-devel-linux-x86_64-debian-clang | 1.2.2 | 9.14 | 175.36 | 184.50 | OK | |
r-devel-linux-x86_64-debian-gcc | 1.2.2 | 6.67 | 133.26 | 139.93 | NOTE | |
r-devel-linux-x86_64-fedora-clang | 1.2.2 | 244.94 | NOTE | |||
r-devel-linux-x86_64-fedora-gcc | 1.2.2 | 233.36 | NOTE | |||
r-devel-windows-x86_64 | 1.2.2 | 11.00 | 54540.00 | 54551.00 | NOTE | |
r-patched-linux-x86_64 | 1.2.2 | OK | ||||
r-release-linux-x86_64 | 1.2.2 | 6.29 | 167.97 | 174.26 | OK | |
r-release-macos-arm64 | 1.2.2 | 68.00 | NOTE | |||
r-release-macos-x86_64 | 1.2.2 | 116.00 | NOTE | |||
r-release-windows-x86_64 | 1.2.2 | 10.00 | 127.00 | 137.00 | NOTE | |
r-oldrel-macos-arm64 | 1.2.2 | 70.00 | NOTE | |||
r-oldrel-macos-x86_64 | 1.2.2 | 119.00 | NOTE | |||
r-oldrel-windows-x86_64 | 1.2.2 | 12.00 | 160.00 | 172.00 | NOTE |
Version: 1.2.2
Check: Rd cross-references
Result: NOTE
Found the following Rd file(s) with Rd \link{} targets missing package
anchors:
plot_kinetics.Rd: bind_rows
Please provide package anchors for all Rd \link{} targets not in the
package itself and the base packages.
Flavors: r-devel-linux-x86_64-debian-gcc, r-devel-windows-x86_64
Version: 1.2.2
Check: installed package size
Result: NOTE
installed size is 8.2Mb
sub-directories of 1Mb or more:
HaDeX 4.1Mb
doc 4.0Mb
Flavors: r-devel-linux-x86_64-fedora-clang, r-devel-windows-x86_64, r-release-macos-arm64, r-release-macos-x86_64, r-release-windows-x86_64, r-oldrel-macos-arm64, r-oldrel-macos-x86_64, r-oldrel-windows-x86_64
Version: 1.2.2
Check: dependencies in R code
Result: NOTE
Namespaces in Imports field not imported from:
‘DT’ ‘gsubfn’ ‘stringr’
All declared Imports should be used.
Flavors: r-devel-linux-x86_64-fedora-clang, r-devel-linux-x86_64-fedora-gcc