Last updated on 2025-05-09 07:50:57 CEST.
Flavor | Version | Tinstall | Tcheck | Ttotal | Status | Flags |
---|---|---|---|---|---|---|
r-devel-linux-x86_64-debian-clang | 0.1.0 | 1.51 | 16.14 | 17.65 | NOTE | |
r-devel-linux-x86_64-debian-gcc | 0.1.0 | 1.18 | 13.51 | 14.69 | NOTE | |
r-devel-linux-x86_64-fedora-clang | 0.1.0 | 27.70 | OK | |||
r-devel-linux-x86_64-fedora-gcc | 0.1.0 | 26.00 | OK | |||
r-devel-windows-x86_64 | 0.1.0 | 3.00 | 34.00 | 37.00 | OK | |
r-patched-linux-x86_64 | 0.1.0 | 1.58 | 15.23 | 16.81 | OK | |
r-release-linux-x86_64 | 0.1.0 | 1.45 | 15.44 | 16.89 | OK | |
r-release-macos-arm64 | 0.1.0 | 13.00 | OK | |||
r-release-macos-x86_64 | 0.1.0 | 20.00 | OK | |||
r-release-windows-x86_64 | 0.1.0 | 3.00 | 34.00 | 37.00 | OK | |
r-oldrel-macos-arm64 | 0.1.0 | 12.00 | OK | |||
r-oldrel-macos-x86_64 | 0.1.0 | 25.00 | OK | |||
r-oldrel-windows-x86_64 | 0.1.0 | 3.00 | 33.00 | 36.00 | OK |
Version: 0.1.0
Check: CRAN incoming feasibility
Result: NOTE
Maintainer: ‘Zhicheng Du<dgdzc@hotmail.com>’
No Authors@R field in DESCRIPTION.
Please add one, modifying
Authors@R: c(person(given = "Zhicheng",
family = "Du",
role = c("aut", "cre"),
email = "dgdzc@hotmail.com"),
person(given = "Yuantao",
family = "Hao",
role = "aut"))
as necessary.
Flavors: r-devel-linux-x86_64-debian-clang, r-devel-linux-x86_64-debian-gcc