Last updated on 2024-05-11 07:51:33 CEST.
Flavor | Version | Tinstall | Tcheck | Ttotal | Status | Flags |
---|---|---|---|---|---|---|
r-devel-linux-x86_64-debian-clang | 0.1.2 | 58.31 | 28.96 | 87.27 | NOTE | |
r-devel-linux-x86_64-debian-gcc | 0.1.2 | 40.55 | 22.34 | 62.89 | NOTE | |
r-devel-linux-x86_64-fedora-clang | 0.1.2 | 130.01 | NOTE | |||
r-devel-linux-x86_64-fedora-gcc | 0.1.2 | 124.89 | NOTE | |||
r-devel-windows-x86_64 | 0.1.2 | 42.00 | 63.00 | 105.00 | NOTE | |
r-patched-linux-x86_64 | 0.1.2 | 50.17 | 28.03 | 78.20 | NOTE | |
r-release-linux-x86_64 | 0.1.2 | 54.31 | 27.96 | 82.27 | NOTE | |
r-release-macos-arm64 | 0.1.2 | 25.00 | NOTE | |||
r-release-windows-x86_64 | 0.1.2 | 44.00 | 60.00 | 104.00 | NOTE | |
r-oldrel-macos-arm64 | 0.1.2 | 32.00 | NOTE | |||
r-oldrel-macos-x86_64 | 0.1.2 | 53.00 | NOTE | |||
r-oldrel-windows-x86_64 | 0.1.2 | 55.00 | 66.00 | 121.00 | NOTE |
Version: 0.1.2
Check: C++ specification
Result: NOTE
Specified C++11: please drop specification unless essential
Flavors: r-devel-linux-x86_64-debian-clang, r-devel-linux-x86_64-debian-gcc, r-devel-linux-x86_64-fedora-clang, r-devel-linux-x86_64-fedora-gcc, r-devel-windows-x86_64, r-patched-linux-x86_64, r-release-linux-x86_64, r-release-macos-arm64, r-release-windows-x86_64, r-oldrel-macos-arm64, r-oldrel-macos-x86_64, r-oldrel-windows-x86_64
Version: 0.1.2
Check: LazyData
Result: NOTE
'LazyData' is specified without a 'data' directory
Flavors: r-devel-linux-x86_64-debian-clang, r-devel-linux-x86_64-debian-gcc, r-devel-linux-x86_64-fedora-clang, r-devel-linux-x86_64-fedora-gcc, r-devel-windows-x86_64, r-patched-linux-x86_64, r-release-linux-x86_64, r-release-macos-arm64, r-release-windows-x86_64, r-oldrel-macos-arm64, r-oldrel-macos-x86_64, r-oldrel-windows-x86_64