Last updated on 2025-01-25 07:50:27 CET.
Flavor | Version | Tinstall | Tcheck | Ttotal | Status | Flags |
---|---|---|---|---|---|---|
r-devel-linux-x86_64-debian-clang | 0.5.3 | 7.33 | 62.28 | 69.61 | OK | |
r-devel-linux-x86_64-debian-gcc | 0.5.3 | 5.23 | 47.16 | 52.39 | OK | |
r-devel-linux-x86_64-fedora-clang | 0.5.3 | 109.88 | OK | |||
r-devel-linux-x86_64-fedora-gcc | 0.5.3 | 105.67 | OK | |||
r-devel-windows-x86_64 | 0.5.3 | 8.00 | 80.00 | 88.00 | OK | |
r-patched-linux-x86_64 | 0.5.3 | 7.17 | 59.49 | 66.66 | NOTE | |
r-release-linux-x86_64 | 0.5.3 | 5.66 | 59.24 | 64.90 | NOTE | |
r-release-macos-arm64 | 0.5.3 | 33.00 | NOTE | |||
r-release-macos-x86_64 | 0.5.3 | 50.00 | NOTE | |||
r-release-windows-x86_64 | 0.5.3 | 7.00 | 79.00 | 86.00 | NOTE | |
r-oldrel-macos-arm64 | 0.5.3 | 40.00 | NOTE | |||
r-oldrel-macos-x86_64 | 0.5.3 | 60.00 | NOTE | |||
r-oldrel-windows-x86_64 | 0.5.3 | 9.00 | 94.00 | 103.00 | NOTE |
Version: 0.5.3
Check: LazyData
Result: NOTE
'LazyData' is specified without a 'data' directory
Flavors: r-patched-linux-x86_64, r-release-linux-x86_64, r-release-macos-arm64, r-release-macos-x86_64, r-release-windows-x86_64, r-oldrel-macos-arm64, r-oldrel-macos-x86_64, r-oldrel-windows-x86_64