Last updated on 2024-05-11 07:51:31 CEST.
Flavor | Version | Tinstall | Tcheck | Ttotal | Status | Flags |
---|---|---|---|---|---|---|
r-devel-linux-x86_64-debian-clang | 0.1.5.9 | 13.13 | 104.20 | 117.33 | OK | |
r-devel-linux-x86_64-debian-gcc | 0.1.5.9 | 9.44 | 78.10 | 87.54 | OK | |
r-devel-linux-x86_64-fedora-clang | 0.1.5.9 | 155.48 | OK | |||
r-devel-linux-x86_64-fedora-gcc | 0.1.5.9 | 155.00 | OK | |||
r-devel-windows-x86_64 | 0.1.5.9 | 11.00 | 100.00 | 111.00 | OK | |
r-patched-linux-x86_64 | 0.1.5.9 | 14.93 | 101.33 | 116.26 | OK | |
r-release-linux-x86_64 | 0.1.5.9 | 13.65 | 101.36 | 115.01 | OK | |
r-release-macos-arm64 | 0.1.5.9 | 45.00 | OK | |||
r-release-macos-x86_64 | 0.1.5.9 | 98.00 | OK | |||
r-release-windows-x86_64 | 0.1.5.9 | 12.00 | 96.00 | 108.00 | OK | |
r-oldrel-macos-arm64 | 0.1.5.9 | 6.00 | ERROR | |||
r-oldrel-macos-x86_64 | 0.1.5.9 | 48.00 | OK | |||
r-oldrel-windows-x86_64 | 0.1.5.9 | 13.00 | 120.00 | 133.00 | OK |
Version: 0.1.5.9
Check: package dependencies
Result: ERROR
Package required but not available: ‘snpStats’
See section ‘The DESCRIPTION file’ in the ‘Writing R Extensions’
manual.
Flavor: r-oldrel-macos-arm64