Last updated on 2025-02-17 07:50:34 CET.
Flavor | Version | Tinstall | Tcheck | Ttotal | Status | Flags |
---|---|---|---|---|---|---|
r-devel-linux-x86_64-debian-clang | 0.1.5.9 | 10.02 | 83.78 | 93.80 | OK | |
r-devel-linux-x86_64-debian-gcc | 0.1.5.9 | 6.98 | 59.38 | 66.36 | OK | |
r-devel-linux-x86_64-fedora-clang | 0.1.5.9 | 151.75 | OK | |||
r-devel-linux-x86_64-fedora-gcc | 0.1.5.9 | 151.91 | OK | |||
r-devel-macos-arm64 | 0.1.5.9 | 47.00 | OK | |||
r-devel-macos-x86_64 | 0.1.5.9 | 97.00 | OK | |||
r-devel-windows-x86_64 | 0.1.5.9 | 10.00 | 96.00 | 106.00 | OK | |
r-patched-linux-x86_64 | 0.1.5.9 | 9.50 | 75.43 | 84.93 | OK | |
r-release-linux-x86_64 | 0.1.5.9 | 10.09 | 76.84 | 86.93 | OK | |
r-release-macos-arm64 | 0.1.5.9 | 45.00 | OK | |||
r-release-macos-x86_64 | 0.1.5.9 | 105.00 | OK | |||
r-release-windows-x86_64 | 0.1.5.9 | 11.00 | 99.00 | 110.00 | OK | |
r-oldrel-macos-arm64 | 0.1.5.9 | 6.00 | ERROR | |||
r-oldrel-macos-x86_64 | 0.1.5.9 | 48.00 | OK | |||
r-oldrel-windows-x86_64 | 0.1.5.9 | 11.00 | 168.00 | 179.00 | OK |
Version: 0.1.5.9
Check: package dependencies
Result: ERROR
Package required but not available: ‘snpStats’
See section ‘The DESCRIPTION file’ in the ‘Writing R Extensions’
manual.
Flavor: r-oldrel-macos-arm64