Last updated on 2025-11-01 07:48:39 CET.
| Flavor | Version | Tinstall | Tcheck | Ttotal | Status | Flags |
|---|---|---|---|---|---|---|
| r-devel-linux-x86_64-debian-clang | 1.0.3 | 41.44 | 365.64 | 407.08 | OK | |
| r-devel-linux-x86_64-debian-gcc | 1.0.3 | 33.08 | 272.38 | 305.46 | OK | |
| r-devel-linux-x86_64-fedora-clang | 1.0.3 | 392.00 | 314.65 | 706.65 | OK | |
| r-devel-linux-x86_64-fedora-gcc | 1.0.3 | 223.00 | 458.38 | 681.38 | OK | |
| r-devel-windows-x86_64 | 1.0.3 | 43.00 | 321.00 | 364.00 | OK | |
| r-patched-linux-x86_64 | 1.0.3 | 0.34 | 2.13 | 2.47 | ERROR | |
| r-release-linux-x86_64 | 1.0.3 | 41.64 | 354.55 | 396.19 | OK | |
| r-release-macos-arm64 | 1.0.3 | 21.00 | 151.00 | 172.00 | OK | |
| r-release-macos-x86_64 | 1.0.3 | 47.00 | 356.00 | 403.00 | OK | |
| r-release-windows-x86_64 | 1.0.3 | 44.00 | 323.00 | 367.00 | OK | |
| r-oldrel-macos-arm64 | 1.0.3 | 10.00 | ERROR | |||
| r-oldrel-macos-x86_64 | 1.0.3 | 12.00 | ERROR | |||
| r-oldrel-windows-x86_64 | 1.0.3 | 58.00 | 418.00 | 476.00 | OK |
Version: 1.0.3
Check: package dependencies
Result: ERROR
Packages required but not available: 'BSgenome', 'rtracklayer'
Package suggested but not available for checking: ‘BSgenome.Hsapiens.UCSC.hg38’
See section ‘The DESCRIPTION file’ in the ‘Writing R Extensions’
manual.
Flavor: r-patched-linux-x86_64
Version: 1.0.3
Check: package dependencies
Result: ERROR
Package required and available but unsuitable version: ‘GenomicRanges’
Package suggested but not available for checking: ‘BSgenome.Hsapiens.UCSC.hg38’
See section ‘The DESCRIPTION file’ in the ‘Writing R Extensions’
manual.
Flavor: r-oldrel-macos-arm64
Version: 1.0.3
Check: package dependencies
Result: ERROR
Packages required and available but unsuitable versions:
'Biostrings', 'GenomicRanges', 'rtracklayer', 'IRanges'
Package suggested but not available for checking: ‘BSgenome.Hsapiens.UCSC.hg38’
See section ‘The DESCRIPTION file’ in the ‘Writing R Extensions’
manual.
Flavor: r-oldrel-macos-x86_64