Last updated on 2025-05-09 07:50:57 CEST.
Flavor | Version | Tinstall | Tcheck | Ttotal | Status | Flags |
---|---|---|---|---|---|---|
r-devel-linux-x86_64-debian-clang | 1.2 | 1.52 | 18.58 | 20.10 | NOTE | |
r-devel-linux-x86_64-debian-gcc | 1.2 | 1.48 | 14.98 | 16.46 | NOTE | |
r-devel-linux-x86_64-fedora-clang | 1.2 | 32.22 | NOTE | |||
r-devel-linux-x86_64-fedora-gcc | 1.2 | 30.07 | NOTE | |||
r-devel-windows-x86_64 | 1.2 | 3.00 | 39.00 | 42.00 | OK | |
r-patched-linux-x86_64 | 1.2 | 1.70 | 18.14 | 19.84 | NOTE | |
r-release-linux-x86_64 | 1.2 | 1.70 | 17.84 | 19.54 | NOTE | |
r-release-macos-arm64 | 1.2 | 16.00 | OK | |||
r-release-macos-x86_64 | 1.2 | 24.00 | OK | |||
r-release-windows-x86_64 | 1.2 | 3.00 | 40.00 | 43.00 | OK | |
r-oldrel-macos-arm64 | 1.2 | 14.00 | OK | |||
r-oldrel-macos-x86_64 | 1.2 | 20.00 | OK | |||
r-oldrel-windows-x86_64 | 1.2 | 3.00 | 40.00 | 43.00 | OK |
Version: 1.2
Check: CRAN incoming feasibility
Result: NOTE
Maintainer: ‘ChangJiang Xu <changjiang.h.xu@gmail.com>’
No Authors@R field in DESCRIPTION.
Please add one, modifying
Authors@R: c(person(given = "ChangJiang",
family = "Xu",
role = c("aut", "cre"),
email = "changjiang.h.xu@gmail.com"),
person(given = c("Celia", "M.T."),
family = "Greenwood",
role = "aut"))
as necessary.
Flavors: r-devel-linux-x86_64-debian-clang, r-devel-linux-x86_64-debian-gcc
Version: 1.2
Check: for non-standard things in the check directory
Result: NOTE
Found the following files/directories:
‘testdata1.txt’ ‘testdata2.txt’ ‘testdata3.txt’
Flavors: r-devel-linux-x86_64-debian-clang, r-devel-linux-x86_64-debian-gcc, r-devel-linux-x86_64-fedora-clang, r-devel-linux-x86_64-fedora-gcc, r-patched-linux-x86_64, r-release-linux-x86_64