Last updated on 2025-02-11 07:48:24 CET.
Flavor | Version | Tinstall | Tcheck | Ttotal | Status | Flags |
---|---|---|---|---|---|---|
r-devel-linux-x86_64-debian-clang | 1.2 | 2.35 | 36.28 | 38.63 | NOTE | |
r-devel-linux-x86_64-debian-gcc | 1.2 | 1.66 | 25.21 | 26.87 | NOTE | |
r-devel-linux-x86_64-fedora-clang | 1.2 | 67.45 | NOTE | |||
r-devel-linux-x86_64-fedora-gcc | 1.2 | 60.50 | NOTE | |||
r-devel-windows-x86_64 | 1.2 | 3.00 | 55.00 | 58.00 | NOTE | |
r-patched-linux-x86_64 | 1.2 | 2.61 | 34.86 | 37.47 | NOTE | |
r-release-linux-x86_64 | 1.2 | 2.35 | 33.85 | 36.20 | NOTE | |
r-release-macos-arm64 | 1.2 | 21.00 | NOTE | |||
r-release-macos-x86_64 | 1.2 | 33.00 | NOTE | |||
r-release-windows-x86_64 | 1.2 | 3.00 | 56.00 | 59.00 | NOTE | |
r-oldrel-macos-arm64 | 1.2 | 24.00 | OK | |||
r-oldrel-macos-x86_64 | 1.2 | 32.00 | OK | |||
r-oldrel-windows-x86_64 | 1.2 | 5.00 | 59.00 | 64.00 | OK |
Version: 1.2
Check: Rd files
Result: NOTE
checkRd: (-1) GRS.Powerfunc.Rd:22: Lost braces
22 | {Power: }{Matrix of power values plotted}
| ^
Flavors: r-devel-linux-x86_64-debian-clang, r-devel-linux-x86_64-debian-gcc, r-devel-linux-x86_64-fedora-clang, r-devel-linux-x86_64-fedora-gcc, r-devel-windows-x86_64, r-patched-linux-x86_64, r-release-linux-x86_64, r-release-macos-arm64, r-release-macos-x86_64, r-release-windows-x86_64