Last updated on 2025-01-16 07:50:17 CET.
Flavor | Version | Tinstall | Tcheck | Ttotal | Status | Flags |
---|---|---|---|---|---|---|
r-devel-linux-x86_64-debian-clang | 0.2.1 | 10.76 | 135.78 | 146.54 | NOTE | |
r-devel-linux-x86_64-debian-gcc | 0.2.1 | 7.22 | 100.07 | 107.29 | NOTE | |
r-devel-linux-x86_64-fedora-clang | 0.2.1 | 245.12 | NOTE | |||
r-devel-linux-x86_64-fedora-gcc | 0.2.1 | 244.05 | NOTE | |||
r-devel-windows-x86_64 | 0.2.1 | 11.00 | 178.00 | 189.00 | NOTE | |
r-patched-linux-x86_64 | 0.2.1 | 11.48 | 126.62 | 138.10 | NOTE | |
r-release-linux-x86_64 | 0.2.1 | 10.36 | 127.32 | 137.68 | NOTE | |
r-release-macos-arm64 | 0.2.1 | 65.00 | NOTE | |||
r-release-macos-x86_64 | 0.2.1 | 99.00 | NOTE | |||
r-release-windows-x86_64 | 0.2.1 | 10.00 | 176.00 | 186.00 | NOTE | |
r-oldrel-macos-arm64 | 0.2.1 | 66.00 | OK | |||
r-oldrel-macos-x86_64 | 0.2.1 | 112.00 | OK | |||
r-oldrel-windows-x86_64 | 0.2.1 | 12.00 | 229.00 | 241.00 | OK |
Version: 0.2.1
Check: Rd files
Result: NOTE
checkRd: (-1) GREMLINS.Rd:11: Lost braces in \itemize; meant \describe ?
checkRd: (-1) GREMLINS.Rd:12: Lost braces in \itemize; meant \describe ?
checkRd: (-1) GREMLINS.Rd:13: Lost braces in \itemize; meant \describe ?
checkRd: (-1) GREMLINS.Rd:14: Lost braces in \itemize; meant \describe ?
checkRd: (-1) GREMLINS.Rd:20: Lost braces in \itemize; meant \describe ?
checkRd: (-1) GREMLINS.Rd:21: Lost braces in \itemize; meant \describe ?
checkRd: (-1) GREMLINS.Rd:22: Lost braces in \itemize; meant \describe ?
checkRd: (-1) GREMLINS.Rd:23: Lost braces in \itemize; meant \describe ?
Flavors: r-devel-linux-x86_64-debian-clang, r-devel-linux-x86_64-debian-gcc, r-devel-linux-x86_64-fedora-clang, r-devel-linux-x86_64-fedora-gcc, r-devel-windows-x86_64, r-patched-linux-x86_64, r-release-linux-x86_64, r-release-macos-arm64, r-release-macos-x86_64, r-release-windows-x86_64