Last updated on 2024-07-26 07:51:52 CEST.
Flavor | Version | Tinstall | Tcheck | Ttotal | Status | Flags |
---|---|---|---|---|---|---|
r-devel-linux-x86_64-debian-clang | 0.1.7 | 121.31 | 74.99 | 196.30 | OK | |
r-devel-linux-x86_64-debian-gcc | 0.1.7 | 76.04 | 53.82 | 129.86 | OK | |
r-devel-linux-x86_64-fedora-clang | 0.1.7 | 337.66 | OK | |||
r-devel-linux-x86_64-fedora-gcc | 0.1.7 | 294.34 | OK | |||
r-devel-windows-x86_64 | 0.1.7 | 97.00 | 93.00 | 190.00 | OK | |
r-patched-linux-x86_64 | 0.1.7 | OK | ||||
r-release-linux-x86_64 | 0.1.7 | 100.23 | 70.91 | 171.14 | OK | |
r-release-macos-arm64 | 0.1.7 | 61.00 | NOTE | |||
r-release-macos-x86_64 | 0.1.7 | 80.00 | NOTE | |||
r-release-windows-x86_64 | 0.1.7 | 115.00 | 92.00 | 207.00 | OK | |
r-oldrel-macos-arm64 | 0.1.7 | 68.00 | NOTE | |||
r-oldrel-macos-x86_64 | 0.1.7 | 105.00 | NOTE | |||
r-oldrel-windows-x86_64 | 0.1.7 | 110.00 | 105.00 | 215.00 | OK |
Version: 0.1.7
Check: installed package size
Result: NOTE
installed size is 5.7Mb
sub-directories of 1Mb or more:
libs 5.2Mb
Flavors: r-release-macos-arm64, r-release-macos-x86_64, r-oldrel-macos-arm64, r-oldrel-macos-x86_64