CRAN Package Check Results for Package GPvecchia

Last updated on 2025-10-22 07:50:18 CEST.

Flavor Version Tinstall Tcheck Ttotal Status Flags
r-devel-linux-x86_64-debian-clang 0.1.7 88.62 69.66 158.28 NOTE
r-devel-linux-x86_64-debian-gcc 0.1.7 54.67 51.39 106.06 NOTE
r-devel-linux-x86_64-fedora-clang 0.1.7 211.00 68.03 279.03 OK
r-devel-linux-x86_64-fedora-gcc 0.1.7 134.00 123.18 257.18 OK
r-devel-windows-x86_64 0.1.7 99.00 96.00 195.00 OK
r-patched-linux-x86_64 0.1.7 85.29 55.54 140.83 OK
r-release-linux-x86_64 0.1.7 88.47 56.31 144.78 OK
r-release-macos-arm64 0.1.7 33.00 45.00 78.00 OK
r-release-macos-x86_64 0.1.7 37.00 100.00 137.00 OK
r-release-windows-x86_64 0.1.7 101.00 93.00 194.00 OK
r-oldrel-macos-arm64 0.1.7 29.00 32.00 61.00 NOTE
r-oldrel-macos-x86_64 0.1.7 26.00 54.00 80.00 NOTE
r-oldrel-windows-x86_64 0.1.7 120.00 110.00 230.00 OK

Check Details

Version: 0.1.7
Check: CRAN incoming feasibility
Result: NOTE Maintainer: ‘Marcin Jurek <marcinjurek1988@gmail.com>’ The Description field contains more detail in Katzfuss and Guinness (2017) <arXiv:1708.06302>. Package decomposition (IC0), based on Schaefer et al. (2019) <arXiv:1706.02205> and MaxMin ordering proposed in Guinness (2018) <arXiv:1609.05372>. Please refer to arXiv e-prints via their arXiv DOI <doi:10.48550/arXiv.YYMM.NNNNN>. Flavors: r-devel-linux-x86_64-debian-clang, r-devel-linux-x86_64-debian-gcc

Version: 0.1.7
Check: installed package size
Result: NOTE installed size is 5.7Mb sub-directories of 1Mb or more: libs 5.2Mb Flavors: r-oldrel-macos-arm64, r-oldrel-macos-x86_64