Last updated on 2025-11-02 07:50:08 CET.
| Flavor | Version | Tinstall | Tcheck | Ttotal | Status | Flags |
|---|---|---|---|---|---|---|
| r-devel-linux-x86_64-debian-clang | 0.1.0 | 4.11 | 57.92 | 62.03 | NOTE | |
| r-devel-linux-x86_64-debian-gcc | 0.1.0 | 2.65 | 41.50 | 44.15 | NOTE | |
| r-devel-linux-x86_64-fedora-clang | 0.1.0 | 11.00 | 83.53 | 94.53 | OK | |
| r-devel-linux-x86_64-fedora-gcc | 0.1.0 | 89.58 | OK | |||
| r-devel-windows-x86_64 | 0.1.0 | 5.00 | 69.00 | 74.00 | OK | |
| r-patched-linux-x86_64 | 0.1.0 | 3.08 | 54.77 | 57.85 | OK | |
| r-release-linux-x86_64 | 0.1.0 | 4.12 | 54.63 | 58.75 | OK | |
| r-release-macos-arm64 | 0.1.0 | 3.00 | 33.00 | 36.00 | OK | |
| r-release-macos-x86_64 | 0.1.0 | 6.00 | 49.00 | 55.00 | OK | |
| r-release-windows-x86_64 | 0.1.0 | 5.00 | 67.00 | 72.00 | OK | |
| r-oldrel-macos-arm64 | 0.1.0 | 2.00 | 26.00 | 28.00 | NOTE | |
| r-oldrel-macos-x86_64 | 0.1.0 | 3.00 | 39.00 | 42.00 | NOTE | |
| r-oldrel-windows-x86_64 | 0.1.0 | 7.00 | 89.00 | 96.00 | NOTE |
Version: 0.1.0
Check: CRAN incoming feasibility
Result: NOTE
Maintainer: ‘Yaofang Hu <yaofang.hu@u.nus.edu>’
The Description field contains
<arXiv:2006.03284>.
Please refer to arXiv e-prints via their arXiv DOI <doi:10.48550/arXiv.YYMM.NNNNN>.
Flavors: r-devel-linux-x86_64-debian-clang, r-devel-linux-x86_64-debian-gcc
Version: 0.1.0
Check: LazyData
Result: NOTE
'LazyData' is specified without a 'data' directory
Flavors: r-oldrel-macos-arm64, r-oldrel-macos-x86_64, r-oldrel-windows-x86_64