Last updated on 2024-05-09 07:56:46 CEST.
Flavor | Version | Tinstall | Tcheck | Ttotal | Status | Flags |
---|---|---|---|---|---|---|
r-devel-linux-x86_64-debian-clang | 0.3.0 | 14.33 | 97.61 | 111.94 | NOTE | |
r-devel-linux-x86_64-debian-gcc | 0.3.0 | 10.37 | 69.70 | 80.07 | NOTE | |
r-devel-linux-x86_64-fedora-clang | 0.3.0 | 132.19 | NOTE | |||
r-devel-linux-x86_64-fedora-gcc | 0.3.0 | 133.39 | NOTE | |||
r-devel-windows-x86_64 | 0.3.0 | 11.00 | 83.00 | 94.00 | NOTE | |
r-patched-linux-x86_64 | 0.3.0 | 12.81 | 90.53 | 103.34 | NOTE | |
r-release-linux-x86_64 | 0.3.0 | 13.47 | 90.04 | 103.51 | NOTE | |
r-release-macos-arm64 | 0.3.0 | 35.00 | NOTE | |||
r-release-windows-x86_64 | 0.3.0 | 11.00 | 82.00 | 93.00 | NOTE | |
r-oldrel-macos-arm64 | 0.3.0 | 42.00 | NOTE | |||
r-oldrel-macos-x86_64 | 0.3.0 | 67.00 | NOTE | |||
r-oldrel-windows-x86_64 | 0.3.0 | 14.00 | 98.00 | 112.00 | NOTE |
Version: 0.3.0
Check: LazyData
Result: NOTE
'LazyData' is specified without a 'data' directory
Flavors: r-devel-linux-x86_64-debian-clang, r-devel-linux-x86_64-debian-gcc, r-devel-linux-x86_64-fedora-clang, r-devel-linux-x86_64-fedora-gcc, r-devel-windows-x86_64, r-patched-linux-x86_64, r-release-linux-x86_64, r-release-macos-arm64, r-release-windows-x86_64, r-oldrel-macos-arm64, r-oldrel-macos-x86_64, r-oldrel-windows-x86_64