CRAN Package Check Results for Package FourScores

Last updated on 2025-05-09 07:50:55 CEST.

Flavor Version Tinstall Tcheck Ttotal Status Flags
r-devel-linux-x86_64-debian-clang 1.5.1 2.26 18.96 21.22 OK
r-devel-linux-x86_64-debian-gcc 1.5.1 1.83 15.33 17.16 OK
r-devel-linux-x86_64-fedora-clang 1.5.1 33.55 OK
r-devel-linux-x86_64-fedora-gcc 1.5.1 31.75 OK
r-devel-windows-x86_64 1.5.1 3.00 40.00 43.00 OK
r-patched-linux-x86_64 1.5.1 2.67 17.97 20.64 OK
r-release-linux-x86_64 1.5.1 2.22 18.03 20.25 OK
r-release-macos-arm64 1.5.1 15.00 OK
r-release-macos-x86_64 1.5.1 23.00 OK
r-release-windows-x86_64 1.5.1 3.00 42.00 45.00 OK
r-oldrel-macos-arm64 1.5.1 14.00 NOTE
r-oldrel-macos-x86_64 1.5.1 23.00 NOTE
r-oldrel-windows-x86_64 1.5.1 3.00 40.00 43.00 NOTE

Check Details

Version: 1.5.1
Check: LazyData
Result: NOTE 'LazyData' is specified without a 'data' directory Flavors: r-oldrel-macos-arm64, r-oldrel-macos-x86_64, r-oldrel-windows-x86_64