Last updated on 2025-02-19 07:53:43 CET.
Flavor | Version | Tinstall | Tcheck | Ttotal | Status | Flags |
---|---|---|---|---|---|---|
r-devel-linux-x86_64-debian-clang | 0.1.2 | 2.10 | 25.12 | 27.22 | OK | |
r-devel-linux-x86_64-debian-gcc | 0.1.2 | 1.61 | 18.64 | 20.25 | OK | |
r-devel-linux-x86_64-fedora-clang | 0.1.2 | 47.76 | OK | |||
r-devel-linux-x86_64-fedora-gcc | 0.1.2 | 41.60 | OK | |||
r-devel-macos-arm64 | 0.1.2 | 14.00 | OK | |||
r-devel-macos-x86_64 | 0.1.2 | 27.00 | OK | |||
r-devel-windows-x86_64 | 0.1.2 | 4.00 | 48.00 | 52.00 | OK | |
r-patched-linux-x86_64 | 0.1.2 | 1.94 | 23.62 | 25.56 | NOTE | |
r-release-linux-x86_64 | 0.1.2 | 2.11 | 23.08 | 25.19 | NOTE | |
r-release-macos-arm64 | 0.1.2 | 16.00 | NOTE | |||
r-release-macos-x86_64 | 0.1.2 | 23.00 | NOTE | |||
r-release-windows-x86_64 | 0.1.2 | 3.00 | 48.00 | 51.00 | NOTE | |
r-oldrel-macos-arm64 | 0.1.2 | 16.00 | NOTE | |||
r-oldrel-macos-x86_64 | 0.1.2 | 24.00 | NOTE | |||
r-oldrel-windows-x86_64 | 0.1.2 | 3.00 | 51.00 | 54.00 | NOTE |
Version: 0.1.2
Check: LazyData
Result: NOTE
'LazyData' is specified without a 'data' directory
Flavors: r-patched-linux-x86_64, r-release-linux-x86_64, r-release-macos-arm64, r-release-macos-x86_64, r-release-windows-x86_64, r-oldrel-macos-arm64, r-oldrel-macos-x86_64, r-oldrel-windows-x86_64