Last updated on 2025-02-17 07:50:33 CET.
Flavor | Version | Tinstall | Tcheck | Ttotal | Status | Flags |
---|---|---|---|---|---|---|
r-devel-linux-x86_64-debian-clang | 0.1.1 | 56.36 | 26.16 | 82.52 | OK | |
r-devel-linux-x86_64-debian-gcc | 0.1.1 | 38.73 | 21.40 | 60.13 | OK | |
r-devel-linux-x86_64-fedora-clang | 0.1.1 | 160.44 | OK | |||
r-devel-linux-x86_64-fedora-gcc | 0.1.1 | 152.55 | OK | |||
r-devel-macos-arm64 | 0.1.1 | 37.00 | OK | |||
r-devel-macos-x86_64 | 0.1.1 | 48.00 | OK | |||
r-devel-windows-x86_64 | 0.1.1 | 56.00 | 73.00 | 129.00 | OK | |
r-patched-linux-x86_64 | 0.1.1 | 54.82 | 26.22 | 81.04 | NOTE | |
r-release-linux-x86_64 | 0.1.1 | 51.48 | 25.97 | 77.45 | NOTE | |
r-release-macos-arm64 | 0.1.1 | 39.00 | NOTE | |||
r-release-macos-x86_64 | 0.1.1 | 54.00 | NOTE | |||
r-release-windows-x86_64 | 0.1.1 | 57.00 | 70.00 | 127.00 | NOTE | |
r-oldrel-macos-arm64 | 0.1.1 | 43.00 | NOTE | |||
r-oldrel-macos-x86_64 | 0.1.1 | 83.00 | NOTE | |||
r-oldrel-windows-x86_64 | 0.1.1 | 70.00 | 102.00 | 172.00 | NOTE |
Version: 0.1.1
Check: LazyData
Result: NOTE
'LazyData' is specified without a 'data' directory
Flavors: r-patched-linux-x86_64, r-release-linux-x86_64, r-release-macos-arm64, r-release-macos-x86_64, r-release-windows-x86_64, r-oldrel-macos-arm64, r-oldrel-macos-x86_64, r-oldrel-windows-x86_64