CRAN Package Check Results for Package FPCA3D

Last updated on 2025-05-09 07:50:55 CEST.

Flavor Version Tinstall Tcheck Ttotal Status Flags
r-devel-linux-x86_64-debian-clang 1.0 1.72 18.81 20.53 NOTE
r-devel-linux-x86_64-debian-gcc 1.0 1.44 15.11 16.55 NOTE
r-devel-linux-x86_64-fedora-clang 1.0 31.82 OK
r-devel-linux-x86_64-fedora-gcc 1.0 30.50 OK
r-devel-windows-x86_64 1.0 3.00 44.00 47.00 OK
r-patched-linux-x86_64 1.0 1.82 18.23 20.05 OK
r-release-linux-x86_64 1.0 1.84 18.01 19.85 OK
r-release-macos-arm64 1.0 17.00 OK
r-release-macos-x86_64 1.0 24.00 OK
r-release-windows-x86_64 1.0 4.00 44.00 48.00 OK
r-oldrel-macos-arm64 1.0 15.00 OK
r-oldrel-macos-x86_64 1.0 22.00 OK
r-oldrel-windows-x86_64 1.0 4.00 43.00 47.00 OK

Check Details

Version: 1.0
Check: CRAN incoming feasibility
Result: NOTE Maintainer: ‘Nan Lin <edmondlinnan@gmail.com>’ No Authors@R field in DESCRIPTION. Please add one, modifying Authors@R: c(person(given = "Nan", family = "Lin", role = c("aut", "cre"), email = "edmondlinnan@gmail.com"), person(given = "Momiao", family = "Xiong", role = "aut")) as necessary. Flavors: r-devel-linux-x86_64-debian-clang, r-devel-linux-x86_64-debian-gcc