Last updated on 2025-11-03 07:48:38 CET.
| Flavor | Version | Tinstall | Tcheck | Ttotal | Status | Flags | 
|---|---|---|---|---|---|---|
| r-devel-linux-x86_64-debian-clang | 1.4 | 2.17 | 24.12 | 26.29 | NOTE | |
| r-devel-linux-x86_64-debian-gcc | 1.4 | 1.86 | 19.00 | 20.86 | NOTE | |
| r-devel-linux-x86_64-fedora-clang | 1.4 | 39.18 | NOTE | |||
| r-devel-linux-x86_64-fedora-gcc | 1.4 | 37.63 | NOTE | |||
| r-devel-windows-x86_64 | 1.4 | 3.00 | 49.00 | 52.00 | NOTE | |
| r-patched-linux-x86_64 | 1.4 | 2.83 | 22.83 | 25.66 | NOTE | |
| r-release-linux-x86_64 | 1.4 | 2.47 | 23.06 | 25.53 | NOTE | |
| r-release-macos-arm64 | 1.4 | 1.00 | 15.00 | 16.00 | NOTE | |
| r-release-macos-x86_64 | 1.4 | 2.00 | 24.00 | 26.00 | NOTE | |
| r-release-windows-x86_64 | 1.4 | 3.00 | 39.00 | 42.00 | NOTE | |
| r-oldrel-macos-arm64 | 1.4 | 1.00 | 15.00 | 16.00 | NOTE | |
| r-oldrel-macos-x86_64 | 1.4 | 2.00 | 22.00 | 24.00 | NOTE | |
| r-oldrel-windows-x86_64 | 1.4 | 3.00 | 41.00 | 44.00 | NOTE | 
Version: 1.4
Check: CRAN incoming feasibility
Result: NOTE
  Maintainer: ‘Niels G. Waller <nwaller@umn.edu>’
  
  No Authors@R field in DESCRIPTION.
  Please add one, modifying
    Authors@R: person(given = c("Niels", "G."),
                      family = "Waller",
                      role = c("aut", "cre"),
                      email = "nwaller@umn.edu")
  as necessary.
  
  Package CITATION file contains call(s) to old-style personList() or
  as.personList().  Please use c() on person objects instead.
  Package CITATION file contains call(s) to old-style citEntry().  Please
  use bibentry() instead.
Flavors: r-devel-linux-x86_64-debian-clang, r-devel-linux-x86_64-debian-gcc
Version: 1.4
Check: Rd files
Result: NOTE
  checkRd: (-1) FMP.Rd:30: Lost braces; missing escapes or markup?
      30 | \eqn{m(\theta) = b_0 + b_1 \theta + b_2 \theta^2 + b_3 \theta^3}. Acceptable values of k = {0,1,2,3}. According to 
         |                                                                                            ^
Flavors: r-devel-linux-x86_64-debian-clang, r-devel-linux-x86_64-debian-gcc, r-devel-linux-x86_64-fedora-clang, r-devel-linux-x86_64-fedora-gcc, r-devel-windows-x86_64, r-patched-linux-x86_64, r-release-linux-x86_64, r-release-macos-arm64, r-release-macos-x86_64, r-release-windows-x86_64, r-oldrel-macos-arm64, r-oldrel-macos-x86_64, r-oldrel-windows-x86_64