CRAN Package Check Results for Package FME

Last updated on 2025-06-30 07:49:20 CEST.

Flavor Version Tinstall Tcheck Ttotal Status Flags
r-devel-linux-x86_64-debian-clang 1.3.6.3 7.72 185.59 193.31 NOTE
r-devel-linux-x86_64-debian-gcc 1.3.6.3 5.16 122.63 127.79 NOTE
r-devel-linux-x86_64-fedora-clang 1.3.6.3 328.36 OK
r-devel-linux-x86_64-fedora-gcc 1.3.6.3 310.59 OK
r-devel-windows-x86_64 1.3.6.3 13.00 271.00 284.00 NOTE
r-patched-linux-x86_64 NOTE
r-release-linux-x86_64 1.3.6.3 7.01 179.73 186.74 NOTE
r-release-macos-arm64 1.3.6.3 88.00 OK
r-release-macos-x86_64 1.3.6.3 344.00 OK
r-release-windows-x86_64 1.3.6.3 11.00 279.00 290.00 NOTE
r-oldrel-macos-arm64 1.3.6.3 87.00 OK
r-oldrel-macos-x86_64 1.3.6.3 166.00 OK
r-oldrel-windows-x86_64 1.3.6.3 13.00 313.00 326.00 OK

Check Details

Version: 1.3.6.3
Check: Rd cross-references
Result: NOTE Found the following Rd file(s) with Rd \link{} targets missing package anchors: obsplot.Rd: print.deSolve, ode, deSolve Please provide package anchors for all Rd \link{} targets not in the package itself and the base packages. Flavors: r-devel-linux-x86_64-debian-clang, r-devel-linux-x86_64-debian-gcc, r-devel-windows-x86_64, r-patched-linux-x86_64, r-release-linux-x86_64, r-release-windows-x86_64