Last updated on 2025-11-04 07:49:53 CET.
| Flavor | Version | Tinstall | Tcheck | Ttotal | Status | Flags | 
|---|---|---|---|---|---|---|
| r-devel-linux-x86_64-debian-clang | 0.0.2 | 3.66 | 36.88 | 40.54 | NOTE | |
| r-devel-linux-x86_64-debian-gcc | 0.0.2 | 2.65 | 28.70 | 31.35 | NOTE | |
| r-devel-linux-x86_64-fedora-clang | 0.0.2 | 59.80 | OK | |||
| r-devel-linux-x86_64-fedora-gcc | 0.0.2 | 56.07 | OK | |||
| r-devel-windows-x86_64 | 0.0.2 | 7.00 | 68.00 | 75.00 | OK | |
| r-patched-linux-x86_64 | 0.0.2 | 3.44 | 34.55 | 37.99 | OK | |
| r-release-linux-x86_64 | 0.0.2 | 3.33 | 34.51 | 37.84 | OK | |
| r-release-macos-arm64 | 0.0.2 | 2.00 | 25.00 | 27.00 | OK | |
| r-release-macos-x86_64 | 0.0.2 | 3.00 | 46.00 | 49.00 | OK | |
| r-release-windows-x86_64 | 0.0.2 | 6.00 | 65.00 | 71.00 | OK | |
| r-oldrel-macos-arm64 | 0.0.2 | 2.00 | 22.00 | 24.00 | OK | |
| r-oldrel-macos-x86_64 | 0.0.2 | 4.00 | 38.00 | 42.00 | OK | |
| r-oldrel-windows-x86_64 | 0.0.2 | 7.00 | 82.00 | 89.00 | OK | 
Version: 0.0.2
Check: CRAN incoming feasibility
Result: NOTE
  Maintainer: ‘Henna D. Bhramdat <bhramdath@ufl.edu>’
  
  No Authors@R field in DESCRIPTION.
  Please add one, modifying
    Authors@R: person(given = c("Henna", "D."),
                      family = "Bhramdat",
                      role = c("aut", "cre"),
                      email = "bhramdath@ufl.edu")
  as necessary.
Flavors: r-devel-linux-x86_64-debian-clang, r-devel-linux-x86_64-debian-gcc