Last updated on 2024-07-26 07:51:50 CEST.
Flavor | Version | Tinstall | Tcheck | Ttotal | Status | Flags |
---|---|---|---|---|---|---|
r-devel-linux-x86_64-debian-clang | 1.0.1 | 48.93 | 29.50 | 78.43 | NOTE | |
r-devel-linux-x86_64-debian-gcc | 1.0.1 | 28.35 | 23.05 | 51.40 | NOTE | |
r-devel-linux-x86_64-fedora-clang | 1.0.1 | 138.11 | NOTE | |||
r-devel-linux-x86_64-fedora-gcc | 1.0.1 | 110.88 | NOTE | |||
r-devel-windows-x86_64 | 1.0.1 | 42.00 | 60.00 | 102.00 | NOTE | |
r-patched-linux-x86_64 | 1.0.1 | NOTE | ||||
r-release-linux-x86_64 | 1.0.1 | 40.73 | 28.81 | 69.54 | NOTE | |
r-release-macos-arm64 | 1.0.1 | 31.00 | NOTE | |||
r-release-macos-x86_64 | 1.0.1 | 44.00 | NOTE | |||
r-release-windows-x86_64 | 1.0.1 | 49.00 | 61.00 | 110.00 | NOTE | |
r-oldrel-macos-arm64 | 1.0.1 | 34.00 | NOTE | |||
r-oldrel-macos-x86_64 | 1.0.1 | 56.00 | NOTE | |||
r-oldrel-windows-x86_64 | 1.0.1 | 48.00 | 69.00 | 117.00 | NOTE |
Version: 1.0.1
Check: C++ specification
Result: NOTE
Specified C++11: please drop specification unless essential
Flavors: r-devel-linux-x86_64-debian-clang, r-devel-linux-x86_64-debian-gcc, r-devel-linux-x86_64-fedora-clang, r-devel-linux-x86_64-fedora-gcc, r-devel-windows-x86_64, r-patched-linux-x86_64, r-release-linux-x86_64, r-release-macos-arm64, r-release-macos-x86_64, r-release-windows-x86_64, r-oldrel-macos-arm64, r-oldrel-macos-x86_64, r-oldrel-windows-x86_64