CRAN Package Check Results for Package EvoPhylo

Last updated on 2025-02-11 07:48:23 CET.

Flavor Version Tinstall Tcheck Ttotal Status Flags
r-devel-linux-x86_64-debian-clang 0.3.2 10.39 261.94 272.33 NOTE
r-devel-linux-x86_64-debian-gcc 0.3.2 5.75 187.44 193.19 NOTE
r-devel-linux-x86_64-fedora-clang 0.3.2 448.82 OK
r-devel-linux-x86_64-fedora-gcc 0.3.2 435.45 OK
r-devel-windows-x86_64 0.3.2 13.00 229.00 242.00 NOTE
r-patched-linux-x86_64 0.3.2 15.19 246.60 261.79 OK
r-release-linux-x86_64 0.3.2 9.92 248.80 258.72 OK
r-release-macos-arm64 0.3.2 120.00 NOTE
r-release-macos-x86_64 0.3.2 192.00 NOTE
r-release-windows-x86_64 0.3.2 16.00 228.00 244.00 NOTE
r-oldrel-macos-arm64 0.3.2 129.00 NOTE
r-oldrel-macos-x86_64 0.3.2 179.00 NOTE
r-oldrel-windows-x86_64 0.3.2 17.00 288.00 305.00 NOTE

Check Details

Version: 0.3.2
Check: Rd cross-references
Result: NOTE Found the following Rd file(s) with Rd \link{} targets missing package anchors: clockrate_dens_plot.Rd: facet_wrap, geom_density clockrate_reg_plot.Rd: geom_smooth, geom_point plot_treerates_sgn.Rd: scale_color_steps2 Please provide package anchors for all Rd \link{} targets not in the package itself and the base packages. Flavors: r-devel-linux-x86_64-debian-clang, r-devel-linux-x86_64-debian-gcc, r-devel-windows-x86_64

Version: 0.3.2
Check: installed package size
Result: NOTE installed size is 6.7Mb sub-directories of 1Mb or more: data 2.5Mb doc 1.6Mb extdata 2.4Mb Flavors: r-release-macos-arm64, r-release-macos-x86_64, r-release-windows-x86_64, r-oldrel-macos-arm64, r-oldrel-macos-x86_64, r-oldrel-windows-x86_64