Last updated on 2024-07-26 07:51:49 CEST.
Flavor | Version | Tinstall | Tcheck | Ttotal | Status | Flags |
---|---|---|---|---|---|---|
r-devel-linux-x86_64-debian-clang | 1.2.0 | 16.22 | 92.51 | 108.73 | NOTE | |
r-devel-linux-x86_64-debian-gcc | 1.2.0 | 13.65 | 68.62 | 82.27 | NOTE | |
r-devel-linux-x86_64-fedora-clang | 1.2.0 | 137.83 | NOTE | |||
r-devel-linux-x86_64-fedora-gcc | 1.2.0 | 143.59 | NOTE | |||
r-devel-windows-x86_64 | 1.2.0 | 16.00 | 77.00 | 93.00 | NOTE | |
r-patched-linux-x86_64 | 1.2.0 | NOTE | ||||
r-release-linux-x86_64 | 1.2.0 | 17.92 | 88.16 | 106.08 | NOTE | |
r-release-macos-arm64 | 1.2.0 | 32.00 | NOTE | |||
r-release-macos-x86_64 | 1.2.0 | 59.00 | NOTE | |||
r-release-windows-x86_64 | 1.2.0 | 15.00 | 76.00 | 91.00 | NOTE | |
r-oldrel-macos-arm64 | 1.2.0 | 37.00 | NOTE | |||
r-oldrel-macos-x86_64 | 1.2.0 | 61.00 | NOTE | |||
r-oldrel-windows-x86_64 | 1.2.0 | 19.00 | 92.00 | 111.00 | NOTE |
Version: 1.2.0
Check: LazyData
Result: NOTE
'LazyData' is specified without a 'data' directory
Flavors: r-devel-linux-x86_64-debian-clang, r-devel-linux-x86_64-debian-gcc, r-devel-linux-x86_64-fedora-clang, r-devel-linux-x86_64-fedora-gcc, r-devel-windows-x86_64, r-patched-linux-x86_64, r-release-linux-x86_64, r-release-macos-arm64, r-release-macos-x86_64, r-release-windows-x86_64, r-oldrel-macos-arm64, r-oldrel-macos-x86_64, r-oldrel-windows-x86_64