CRAN Package Check Results for Package EconDemand

Last updated on 2025-05-09 07:50:54 CEST.

Flavor Version Tinstall Tcheck Ttotal Status Flags
r-devel-linux-x86_64-debian-clang 1.0 1.72 17.81 19.53 OK
r-devel-linux-x86_64-debian-gcc 1.0 1.56 14.35 15.91 OK
r-devel-linux-x86_64-fedora-clang 1.0 30.69 OK
r-devel-linux-x86_64-fedora-gcc 1.0 28.73 OK
r-devel-windows-x86_64 1.0 2.00 38.00 40.00 OK
r-patched-linux-x86_64 1.0 1.89 17.11 19.00 OK
r-release-linux-x86_64 1.0 1.88 16.92 18.80 OK
r-release-macos-arm64 1.0 15.00 OK
r-release-macos-x86_64 1.0 21.00 OK
r-release-windows-x86_64 1.0 2.00 38.00 40.00 OK
r-oldrel-macos-arm64 1.0 14.00 NOTE
r-oldrel-macos-x86_64 1.0 20.00 NOTE
r-oldrel-windows-x86_64 1.0 3.00 38.00 41.00 NOTE

Check Details

Version: 1.0
Check: LazyData
Result: NOTE 'LazyData' is specified without a 'data' directory Flavors: r-oldrel-macos-arm64, r-oldrel-macos-x86_64, r-oldrel-windows-x86_64