Last updated on 2025-07-01 07:50:12 CEST.
Flavor | Version | Tinstall | Tcheck | Ttotal | Status | Flags |
---|---|---|---|---|---|---|
r-devel-linux-x86_64-debian-clang | 3.1.1 | 4.11 | 261.55 | 265.66 | NOTE | |
r-devel-linux-x86_64-debian-gcc | 3.1.1 | 3.50 | 242.42 | 245.92 | NOTE | |
r-devel-linux-x86_64-fedora-clang | 3.1.1 | 479.86 | NOTE | |||
r-devel-linux-x86_64-fedora-gcc | 3.1.1 | 651.46 | NOTE | |||
r-devel-windows-x86_64 | 3.1.1 | 7.00 | 336.00 | 343.00 | OK | |
r-patched-linux-x86_64 | OK | |||||
r-release-linux-x86_64 | 3.1.1 | 4.35 | 349.64 | 353.99 | OK | |
r-release-macos-arm64 | 3.1.1 | 245.00 | OK | |||
r-release-macos-x86_64 | 3.1.1 | 427.00 | OK | |||
r-release-windows-x86_64 | 3.1.1 | 7.00 | 363.00 | 370.00 | OK | |
r-oldrel-macos-arm64 | 3.1.1 | 242.00 | OK | |||
r-oldrel-macos-x86_64 | 3.1.1 | 285.00 | OK | |||
r-oldrel-windows-x86_64 | 3.1.1 | 7.00 | 431.00 | 438.00 | OK |
Version: 3.1.1
Check: CRAN incoming feasibility
Result: NOTE
Maintainer: ‘Jill Lundell <jflundell@gmail.com>’
Package CITATION file contains call(s) to old-style personList() or
as.personList(). Please use c() on person objects instead.
Package CITATION file contains call(s) to old-style citEntry(). Please
use bibentry() instead.
Flavors: r-devel-linux-x86_64-debian-clang, r-devel-linux-x86_64-debian-gcc
Version: 3.1.1
Check: dependencies in R code
Result: NOTE
Namespace in Imports field not imported from: ‘BiocStyle’
All declared Imports should be used.
Flavors: r-devel-linux-x86_64-fedora-clang, r-devel-linux-x86_64-fedora-gcc