Last updated on 2025-02-11 07:48:22 CET.
Flavor | Version | Tinstall | Tcheck | Ttotal | Status | Flags |
---|---|---|---|---|---|---|
r-devel-linux-x86_64-debian-clang | 0.2.1 | 41.65 | 104.02 | 145.67 | NOTE | |
r-devel-linux-x86_64-debian-gcc | 0.2.1 | 31.32 | 71.62 | 102.94 | NOTE | |
r-devel-linux-x86_64-fedora-clang | 0.2.1 | 262.05 | OK | |||
r-devel-linux-x86_64-fedora-gcc | 0.2.1 | 244.76 | OK | |||
r-devel-windows-x86_64 | 0.2.1 | 44.00 | 121.00 | 165.00 | NOTE | |
r-patched-linux-x86_64 | 0.2.1 | 53.82 | 94.69 | 148.51 | OK | |
r-release-linux-x86_64 | 0.2.1 | 41.44 | 94.39 | 135.83 | OK | |
r-release-macos-arm64 | 0.2.1 | 55.00 | OK | |||
r-release-macos-x86_64 | 0.2.1 | 88.00 | OK | |||
r-release-windows-x86_64 | 0.2.1 | 43.00 | 123.00 | 166.00 | OK | |
r-oldrel-macos-arm64 | 0.2.1 | 80.00 | OK | |||
r-oldrel-macos-x86_64 | 0.2.1 | 141.00 | OK | |||
r-oldrel-windows-x86_64 | 0.2.1 | 59.00 | 157.00 | 216.00 | OK |
Version: 0.2.1
Check: Rd cross-references
Result: NOTE
Found the following Rd file(s) with Rd \link{} targets missing package
anchors:
em.prec.Rd: glassoFast
Please provide package anchors for all Rd \link{} targets not in the
package itself and the base packages.
Flavors: r-devel-linux-x86_64-debian-clang, r-devel-linux-x86_64-debian-gcc, r-devel-windows-x86_64