CRAN Package Check Results for Package ELMR

Last updated on 2025-02-11 07:48:22 CET.

Flavor Version Tinstall Tcheck Ttotal Status Flags
r-devel-linux-x86_64-debian-clang 1.0 1.80 16.93 18.73 OK
r-devel-linux-x86_64-debian-gcc 1.0 1.52 13.87 15.39 OK
r-devel-linux-x86_64-fedora-clang 1.0 30.68 OK
r-devel-linux-x86_64-fedora-gcc 1.0 28.60 OK
r-devel-windows-x86_64 1.0 2.00 36.00 38.00 OK
r-patched-linux-x86_64 1.0 1.57 16.36 17.93 NOTE
r-release-linux-x86_64 1.0 1.53 16.48 18.01 NOTE
r-release-macos-arm64 1.0 13.00 NOTE
r-release-macos-x86_64 1.0 24.00 NOTE
r-release-windows-x86_64 1.0 3.00 35.00 38.00 NOTE
r-oldrel-macos-arm64 1.0 15.00 NOTE
r-oldrel-macos-x86_64 1.0 18.00 NOTE
r-oldrel-windows-x86_64 1.0 3.00 35.00 38.00 NOTE

Check Details

Version: 1.0
Check: LazyData
Result: NOTE 'LazyData' is specified without a 'data' directory Flavors: r-patched-linux-x86_64, r-release-linux-x86_64, r-release-macos-arm64, r-release-macos-x86_64, r-release-windows-x86_64, r-oldrel-macos-arm64, r-oldrel-macos-x86_64, r-oldrel-windows-x86_64