Last updated on 2024-07-26 07:51:47 CEST.
Flavor | Version | Tinstall | Tcheck | Ttotal | Status | Flags |
---|---|---|---|---|---|---|
r-devel-linux-x86_64-debian-clang | 1.3.2 | 2.08 | 36.68 | 38.76 | OK | |
r-devel-linux-x86_64-debian-gcc | 1.3.2 | 2.03 | 28.33 | 30.36 | OK | |
r-devel-linux-x86_64-fedora-clang | 1.3.2 | 50.94 | NOTE | |||
r-devel-linux-x86_64-fedora-gcc | 1.3.2 | 65.54 | NOTE | |||
r-devel-windows-x86_64 | 1.3.2 | 5.00 | 56.00 | 61.00 | OK | |
r-patched-linux-x86_64 | 1.3.2 | OK | ||||
r-release-linux-x86_64 | 1.3.2 | 2.51 | 35.91 | 38.42 | OK | |
r-release-macos-arm64 | 1.3.2 | 28.00 | OK | |||
r-release-macos-x86_64 | 1.3.2 | 41.00 | OK | |||
r-release-windows-x86_64 | 1.3.2 | 5.00 | 53.00 | 58.00 | OK | |
r-oldrel-macos-arm64 | 1.3.2 | 29.00 | OK | |||
r-oldrel-macos-x86_64 | 1.3.2 | 41.00 | OK | |||
r-oldrel-windows-x86_64 | 1.3.2 | 5.00 | 54.00 | 59.00 | OK |
Version: 1.3.2
Check: data for non-ASCII characters
Result: NOTE
Note: found 5764 marked UTF-8 strings
Flavors: r-devel-linux-x86_64-fedora-clang, r-devel-linux-x86_64-fedora-gcc