Last updated on 2024-05-11 07:51:27 CEST.
Flavor | Version | Tinstall | Tcheck | Ttotal | Status | Flags |
---|---|---|---|---|---|---|
r-devel-linux-x86_64-debian-clang | 0.1.1 | 2.59 | 31.88 | 34.47 | NOTE | |
r-devel-linux-x86_64-debian-gcc | 0.1.1 | 1.92 | 24.30 | 26.22 | NOTE | |
r-devel-linux-x86_64-fedora-clang | 0.1.1 | 44.76 | NOTE | |||
r-devel-linux-x86_64-fedora-gcc | 0.1.1 | 53.44 | NOTE | |||
r-devel-windows-x86_64 | 0.1.1 | 3.00 | 49.00 | 52.00 | NOTE | |
r-patched-linux-x86_64 | 0.1.1 | 2.56 | 30.36 | 32.92 | NOTE | |
r-release-linux-x86_64 | 0.1.1 | 2.16 | 30.14 | 32.30 | NOTE | |
r-release-macos-arm64 | 0.1.1 | 38.00 | NOTE | |||
r-release-windows-x86_64 | 0.1.1 | 3.00 | 49.00 | 52.00 | NOTE | |
r-oldrel-macos-arm64 | 0.1.1 | 26.00 | NOTE | |||
r-oldrel-macos-x86_64 | 0.1.1 | 35.00 | NOTE | |||
r-oldrel-windows-x86_64 | 0.1.1 | 3.00 | 48.00 | 51.00 | NOTE |
Version: 0.1.1
Check: LazyData
Result: NOTE
'LazyData' is specified without a 'data' directory
Flavors: r-devel-linux-x86_64-debian-clang, r-devel-linux-x86_64-debian-gcc, r-devel-linux-x86_64-fedora-clang, r-devel-linux-x86_64-fedora-gcc, r-devel-windows-x86_64, r-patched-linux-x86_64, r-release-linux-x86_64, r-release-macos-arm64, r-release-windows-x86_64, r-oldrel-macos-arm64, r-oldrel-macos-x86_64, r-oldrel-windows-x86_64