Last updated on 2025-11-03 07:48:36 CET.
| Flavor | Version | Tinstall | Tcheck | Ttotal | Status | Flags | 
|---|---|---|---|---|---|---|
| r-devel-linux-x86_64-debian-clang | 0.1.5 | 63.58 | 471.87 | 535.45 | OK | |
| r-devel-linux-x86_64-debian-gcc | 0.1.5 | 41.69 | 340.63 | 382.32 | OK | |
| r-devel-linux-x86_64-fedora-clang | 0.1.5 | 300.00 | 604.92 | 904.92 | OK | |
| r-devel-linux-x86_64-fedora-gcc | 0.1.5 | 488.00 | 389.75 | 877.75 | OK | |
| r-devel-windows-x86_64 | 0.1.5 | 61.00 | 393.00 | 454.00 | OK | |
| r-patched-linux-x86_64 | 0.1.5 | 0.32 | 2.10 | 2.42 | ERROR | |
| r-release-linux-x86_64 | 0.1.5 | 0.31 | 1.93 | 2.24 | ERROR | |
| r-release-macos-arm64 | 0.1.5 | 26.00 | 190.00 | 216.00 | OK | |
| r-release-macos-x86_64 | 0.1.5 | 56.00 | 361.00 | 417.00 | OK | |
| r-release-windows-x86_64 | 0.1.5 | 61.00 | 377.00 | 438.00 | OK | |
| r-oldrel-macos-arm64 | 0.1.5 | 29.00 | 153.00 | 182.00 | NOTE | |
| r-oldrel-macos-x86_64 | 0.1.5 | 51.00 | 275.00 | 326.00 | NOTE | |
| r-oldrel-windows-x86_64 | 0.1.5 | 18.00 | 10.00 | 28.00 | ERROR | 
Version: 0.1.5
Check: package dependencies
Result: ERROR
  Package required but not available: ‘GSVA’
  
  See section ‘The DESCRIPTION file’ in the ‘Writing R Extensions’
  manual.
Flavor: r-patched-linux-x86_64
Version: 0.1.5
Check: package dependencies
Result: ERROR
  Package required but not available: ‘clusterProfiler’
  
  See section ‘The DESCRIPTION file’ in the ‘Writing R Extensions’
  manual.
Flavor: r-release-linux-x86_64
Version: 0.1.5
Check: installed package size
Result: NOTE
    installed size is  5.6Mb
    sub-directories of 1Mb or more:
      data   5.4Mb
Flavors: r-oldrel-macos-arm64, r-oldrel-macos-x86_64
Version: 0.1.5
Check: whether package can be installed
Result: ERROR
  Installation failed.
Flavor: r-oldrel-windows-x86_64