Last updated on 2024-05-11 07:51:28 CEST.
Flavor | Version | Tinstall | Tcheck | Ttotal | Status | Flags |
---|---|---|---|---|---|---|
r-devel-linux-x86_64-debian-clang | 6.0.6 | 130.56 | 122.17 | 252.73 | NOTE | |
r-devel-linux-x86_64-debian-gcc | 6.0.6 | 109.01 | 88.07 | 197.08 | NOTE | |
r-devel-linux-x86_64-fedora-clang | 6.0.6 | 308.57 | NOTE | |||
r-devel-linux-x86_64-fedora-gcc | 6.0.6 | 364.65 | NOTE | |||
r-devel-windows-x86_64 | 6.0.6 | 93.00 | 166.00 | 259.00 | NOTE | --no-vignettes |
r-patched-linux-x86_64 | 6.0.6 | 104.10 | 114.66 | 218.76 | NOTE | |
r-release-linux-x86_64 | 6.0.6 | 105.04 | 115.04 | 220.08 | NOTE | |
r-release-macos-arm64 | 6.0.6 | 75.00 | NOTE | |||
r-release-windows-x86_64 | 6.0.6 | 96.00 | 168.00 | 264.00 | NOTE | --no-vignettes |
r-oldrel-macos-arm64 | 6.0.6 | 77.00 | NOTE | |||
r-oldrel-macos-x86_64 | 6.0.6 | 143.00 | NOTE | |||
r-oldrel-windows-x86_64 | 6.0.6 | 119.00 | 193.00 | 312.00 | NOTE | --no-vignettes |
Version: 6.0.6
Check: package subdirectories
Result: NOTE
Problems with news in ‘NEWS.md’:
Cannot extract version info from the following section titles:
Changes to previous versions
Minor changes
Fixes
Previous Versions
Flavors: r-devel-linux-x86_64-debian-clang, r-devel-linux-x86_64-debian-gcc, r-devel-linux-x86_64-fedora-clang, r-devel-linux-x86_64-fedora-gcc, r-patched-linux-x86_64, r-release-linux-x86_64, r-release-macos-arm64, r-oldrel-macos-arm64, r-oldrel-macos-x86_64
Version: 6.0.6
Flags: --no-vignettes
Check: installed package size
Result: NOTE
installed size is 14.2Mb
sub-directories of 1Mb or more:
libs 13.5Mb
Flavors: r-devel-windows-x86_64, r-release-windows-x86_64, r-oldrel-windows-x86_64
Version: 6.0.6
Flags: --no-vignettes
Check: package subdirectories
Result: NOTE
Problems with news in 'NEWS.md':
Cannot extract version info from the following section titles:
Changes to previous versions
Minor changes
Fixes
Previous Versions
Flavors: r-devel-windows-x86_64, r-release-windows-x86_64, r-oldrel-windows-x86_64
Version: 6.0.6
Check: installed package size
Result: NOTE
installed size is 47.9Mb
sub-directories of 1Mb or more:
libs 47.2Mb
Flavors: r-release-macos-arm64, r-oldrel-macos-arm64, r-oldrel-macos-x86_64