Last updated on 2025-01-25 07:50:23 CET.
Flavor | Version | Tinstall | Tcheck | Ttotal | Status | Flags |
---|---|---|---|---|---|---|
r-devel-linux-x86_64-debian-clang | 1.0.0 | 6.84 | 58.84 | 65.68 | OK | |
r-devel-linux-x86_64-debian-gcc | 1.0.0 | 5.39 | 43.52 | 48.91 | OK | |
r-devel-linux-x86_64-fedora-clang | 1.0.0 | 106.32 | NOTE | |||
r-devel-linux-x86_64-fedora-gcc | 1.0.0 | 101.88 | NOTE | |||
r-devel-windows-x86_64 | 1.0.0 | 7.00 | 70.00 | 77.00 | OK | |
r-patched-linux-x86_64 | 1.0.0 | 5.86 | 55.93 | 61.79 | OK | |
r-release-linux-x86_64 | 1.0.0 | 6.45 | 55.58 | 62.03 | OK | |
r-release-macos-arm64 | 1.0.0 | 27.00 | OK | |||
r-release-macos-x86_64 | 1.0.0 | 52.00 | OK | |||
r-release-windows-x86_64 | 1.0.0 | 8.00 | 69.00 | 77.00 | OK | |
r-oldrel-macos-arm64 | 1.0.0 | 35.00 | OK | |||
r-oldrel-macos-x86_64 | 1.0.0 | 56.00 | OK | |||
r-oldrel-windows-x86_64 | 1.0.0 | 10.00 | 82.00 | 92.00 | OK |
Version: 1.0.0
Check: dependencies in R code
Result: NOTE
Namespace in Imports field not imported from: ‘MASS’
All declared Imports should be used.
Flavors: r-devel-linux-x86_64-fedora-clang, r-devel-linux-x86_64-fedora-gcc