Last updated on 2025-02-17 07:50:31 CET.
Flavor | Version | Tinstall | Tcheck | Ttotal | Status | Flags |
---|---|---|---|---|---|---|
r-devel-linux-x86_64-debian-clang | 1.0.1 | 2.75 | 29.10 | 31.85 | NOTE | |
r-devel-linux-x86_64-debian-gcc | 1.0.1 | 1.90 | 22.42 | 24.32 | NOTE | |
r-devel-linux-x86_64-fedora-clang | 1.0.1 | 50.50 | NOTE | |||
r-devel-linux-x86_64-fedora-gcc | 1.0.1 | 47.66 | NOTE | |||
r-devel-macos-arm64 | 1.0.1 | 20.00 | OK | |||
r-devel-macos-x86_64 | 1.0.1 | 35.00 | NOTE | |||
r-devel-windows-x86_64 | 1.0.1 | 5.00 | 56.00 | 61.00 | NOTE | |
r-patched-linux-x86_64 | 1.0.1 | 3.46 | 27.02 | 30.48 | OK | |
r-release-linux-x86_64 | 1.0.1 | 2.13 | 27.15 | 29.28 | OK | |
r-release-macos-arm64 | 1.0.1 | 19.00 | OK | |||
r-release-macos-x86_64 | 1.0.1 | 28.00 | OK | |||
r-release-windows-x86_64 | 1.0.1 | 5.00 | 57.00 | 62.00 | OK | |
r-oldrel-macos-arm64 | 1.0.1 | 24.00 | OK | |||
r-oldrel-macos-x86_64 | 1.0.1 | 48.00 | OK | |||
r-oldrel-windows-x86_64 | 1.0.1 | 5.00 | 58.00 | 63.00 | OK |
Version: 1.0.1
Check: DESCRIPTION meta-information
Result: NOTE
Missing dependency on R >= 4.1.0 because package code uses the pipe
|> or function shorthand \(...) syntax added in R 4.1.0.
File(s) using such syntax:
‘paste_pct_sum.R’ ‘robust_round.R’
Flavors: r-devel-linux-x86_64-debian-clang, r-devel-linux-x86_64-debian-gcc, r-devel-linux-x86_64-fedora-clang, r-devel-linux-x86_64-fedora-gcc, r-devel-macos-x86_64, r-devel-windows-x86_64